Last updated on 2024-08-25 05:49:27 CEST.
Flavor | Version | Tinstall | Tcheck | Ttotal | Status | Flags |
---|---|---|---|---|---|---|
r-devel-linux-x86_64-debian-clang | 1.1.0 | 23.05 | 141.79 | 164.84 | NOTE | |
r-devel-linux-x86_64-debian-gcc | 1.1.0 | 15.71 | 97.42 | 113.13 | NOTE | |
r-devel-linux-x86_64-fedora-clang | 1.1.0 | 277.52 | OK | |||
r-devel-linux-x86_64-fedora-gcc | 1.1.0 | 261.86 | OK | |||
r-devel-windows-x86_64 | 1.1.0 | 22.00 | 142.00 | 164.00 | NOTE | |
r-patched-linux-x86_64 | 1.1.0 | 27.67 | 132.73 | 160.40 | OK | |
r-release-linux-x86_64 | 1.1.0 | 20.61 | 134.28 | 154.89 | OK | |
r-release-macos-arm64 | 1.1.0 | 68.00 | OK | |||
r-release-macos-x86_64 | 1.1.0 | 100.00 | OK | |||
r-release-windows-x86_64 | 1.1.0 | 20.00 | 162.00 | 182.00 | OK | |
r-oldrel-macos-arm64 | 1.1.0 | 64.00 | OK | |||
r-oldrel-macos-x86_64 | 1.1.0 | 189.00 | OK | |||
r-oldrel-windows-x86_64 | 1.1.0 | 29.00 | 190.00 | 219.00 | OK |
Version: 1.1.0
Check: Rd cross-references
Result: NOTE
Found the following Rd file(s) with Rd \link{} targets missing package
anchors:
kdeem.Rd: ucminf
mixregPvary.Rd: regmixEM
Please provide package anchors for all Rd \link{} targets not in the
package itself and the base packages.
Flavors: r-devel-linux-x86_64-debian-clang, r-devel-linux-x86_64-debian-gcc, r-devel-windows-x86_64