Last updated on 2024-08-25 05:49:27 CEST.
Flavor | Version | Tinstall | Tcheck | Ttotal | Status | Flags |
---|---|---|---|---|---|---|
r-devel-linux-x86_64-debian-clang | 6.0 | 54.36 | 67.43 | 121.79 | OK | |
r-devel-linux-x86_64-debian-gcc | 6.0 | 37.56 | 44.92 | 82.48 | OK | |
r-devel-linux-x86_64-fedora-clang | 6.0 | 213.72 | OK | |||
r-devel-linux-x86_64-fedora-gcc | 6.0 | 215.00 | OK | |||
r-devel-windows-x86_64 | 6.0 | 52.00 | 90.00 | 142.00 | OK | |
r-patched-linux-x86_64 | 6.0 | 54.10 | 63.13 | 117.23 | OK | |
r-release-linux-x86_64 | 6.0 | 57.21 | 62.54 | 119.75 | OK | |
r-release-macos-arm64 | 6.0 | 48.00 | NOTE | |||
r-release-macos-x86_64 | 6.0 | 107.00 | NOTE | |||
r-release-windows-x86_64 | 6.0 | 51.00 | 100.00 | 151.00 | OK | |
r-oldrel-macos-arm64 | 6.0 | 56.00 | NOTE | |||
r-oldrel-macos-x86_64 | 6.0 | 98.00 | NOTE | |||
r-oldrel-windows-x86_64 | 6.0 | 65.00 | 114.00 | 179.00 | OK |
Version: 6.0
Check: installed package size
Result: NOTE
installed size is 7.1Mb
sub-directories of 1Mb or more:
libs 6.5Mb
Flavors: r-release-macos-arm64, r-release-macos-x86_64, r-oldrel-macos-arm64, r-oldrel-macos-x86_64
Version: 6.0
Check: package dependencies
Result: NOTE
Package suggested but not available for checking: ‘tmvtnorm’
Flavor: r-oldrel-macos-x86_64