Last updated on 2025-02-21 04:51:56 CET.
Flavor | Version | Tinstall | Tcheck | Ttotal | Status | Flags |
---|---|---|---|---|---|---|
r-devel-linux-x86_64-debian-clang | 1.4.5 | 14.91 | 108.47 | 123.38 | NOTE | |
r-devel-linux-x86_64-debian-gcc | 1.4.5 | 9.91 | 79.34 | 89.25 | NOTE | |
r-devel-linux-x86_64-fedora-clang | 1.4.5 | 192.92 | OK | |||
r-devel-linux-x86_64-fedora-gcc | 1.4.5 | 188.45 | OK | |||
r-devel-macos-arm64 | 1.4.5 | 54.00 | OK | |||
r-devel-macos-x86_64 | 1.4.5 | 97.00 | OK | |||
r-devel-windows-x86_64 | 1.4.5 | 15.00 | 110.00 | 125.00 | NOTE | |
r-patched-linux-x86_64 | 1.4.5 | 15.67 | 100.82 | 116.49 | OK | |
r-release-linux-x86_64 | 1.4.5 | 13.68 | 102.22 | 115.90 | OK | |
r-release-macos-arm64 | 1.4.5 | 50.00 | OK | |||
r-release-macos-x86_64 | 1.4.5 | 84.00 | OK | |||
r-release-windows-x86_64 | 1.4.5 | 16.00 | 108.00 | 124.00 | OK | |
r-oldrel-macos-arm64 | 1.4.5 | 55.00 | OK | |||
r-oldrel-macos-x86_64 | 1.4.5 | 88.00 | OK | |||
r-oldrel-windows-x86_64 | 1.4.5 | 20.00 | 132.00 | 152.00 | OK |
Version: 1.4.5
Check: Rd cross-references
Result: NOTE
Found the following Rd file(s) with Rd \link{} targets missing package
anchors:
ring_detect.Rd: ringBorders, measuRing
Please provide package anchors for all Rd \link{} targets not in the
package itself and the base packages.
Flavors: r-devel-linux-x86_64-debian-clang, r-devel-linux-x86_64-debian-gcc, r-devel-windows-x86_64