Last updated on 2024-08-25 05:49:28 CEST.
Flavor | Version | Tinstall | Tcheck | Ttotal | Status | Flags |
---|---|---|---|---|---|---|
r-devel-linux-x86_64-debian-clang | 0.1.0 | 5.39 | 125.55 | 130.94 | OK | |
r-devel-linux-x86_64-debian-gcc | 0.1.0 | 3.88 | 88.44 | 92.32 | OK | |
r-devel-linux-x86_64-fedora-clang | 0.1.0 | 223.17 | NOTE | |||
r-devel-linux-x86_64-fedora-gcc | 0.1.0 | 209.91 | NOTE | |||
r-devel-windows-x86_64 | 0.1.0 | 8.00 | 123.00 | 131.00 | OK | |
r-patched-linux-x86_64 | 0.1.0 | 5.48 | 119.54 | 125.02 | OK | |
r-release-linux-x86_64 | 0.1.0 | 4.76 | 119.77 | 124.53 | OK | |
r-release-macos-arm64 | 0.1.0 | 61.00 | OK | |||
r-release-macos-x86_64 | 0.1.0 | 132.00 | OK | |||
r-release-windows-x86_64 | 0.1.0 | 7.00 | 126.00 | 133.00 | OK | |
r-oldrel-macos-arm64 | 0.1.0 | 63.00 | OK | |||
r-oldrel-macos-x86_64 | 0.1.0 | 104.00 | OK | |||
r-oldrel-windows-x86_64 | 0.1.0 | 8.00 | 156.00 | 164.00 | OK |
Version: 0.1.0
Check: dependencies in R code
Result: NOTE
Namespaces in Imports field not imported from:
‘NHSRdatasets’ ‘grid’ ‘utils’
All declared Imports should be used.
Flavors: r-devel-linux-x86_64-fedora-clang, r-devel-linux-x86_64-fedora-gcc