Last updated on 2025-11-16 04:48:45 CET.
| Flavor | Version | Tinstall | Tcheck | Ttotal | Status | Flags |
|---|---|---|---|---|---|---|
| r-devel-linux-x86_64-debian-clang | 0.13.6 | 186.03 | 129.02 | 315.05 | OK | |
| r-devel-linux-x86_64-debian-gcc | 0.13.6 | 112.49 | 88.28 | 200.77 | OK | |
| r-devel-linux-x86_64-fedora-clang | 0.13.6 | 206.00 | 399.47 | 605.47 | OK | |
| r-devel-linux-x86_64-fedora-gcc | 0.13.6 | 232.00 | 289.49 | 521.49 | OK | |
| r-devel-windows-x86_64 | 0.13.6 | 210.00 | 173.00 | 383.00 | OK | |
| r-patched-linux-x86_64 | 0.13.6 | 183.98 | 121.16 | 305.14 | OK | |
| r-release-linux-x86_64 | 0.13.6 | 180.84 | 120.30 | 301.14 | OK | |
| r-release-macos-arm64 | 0.13.6 | 62.00 | 55.00 | 117.00 | OK | |
| r-release-macos-x86_64 | 0.13.6 | 61.00 | 110.00 | 171.00 | OK | |
| r-release-windows-x86_64 | 0.13.6 | 199.00 | 159.00 | 358.00 | OK | |
| r-oldrel-macos-arm64 | 0.13.6 | 64.00 | 61.00 | 125.00 | NOTE | |
| r-oldrel-macos-x86_64 | 0.13.6 | 58.00 | 95.00 | 153.00 | NOTE | |
| r-oldrel-windows-x86_64 | 0.13.6 | 249.00 | 196.00 | 445.00 | OK |
Version: 0.13.6
Check: installed package size
Result: NOTE
installed size is 7.5Mb
sub-directories of 1Mb or more:
libs 6.8Mb
Flavors: r-oldrel-macos-arm64, r-oldrel-macos-x86_64