Last updated on 2024-08-25 05:49:28 CEST.
Flavor | Version | Tinstall | Tcheck | Ttotal | Status | Flags |
---|---|---|---|---|---|---|
r-devel-linux-x86_64-debian-clang | 0.1.0 | 23.23 | 36.00 | 59.23 | OK | |
r-devel-linux-x86_64-debian-gcc | 0.1.0 | 18.28 | 27.68 | 45.96 | OK | |
r-devel-linux-x86_64-fedora-clang | 0.1.0 | 101.90 | OK | |||
r-devel-linux-x86_64-fedora-gcc | 0.1.0 | 116.53 | OK | |||
r-devel-windows-x86_64 | 0.1.0 | 27.00 | 77.00 | 104.00 | OK | |
r-patched-linux-x86_64 | 0.1.0 | 24.61 | 34.59 | 59.20 | OK | |
r-release-linux-x86_64 | 0.1.0 | 26.78 | 35.25 | 62.03 | OK | |
r-release-macos-arm64 | 0.1.0 | 35.00 | NOTE | |||
r-release-macos-x86_64 | 0.1.0 | 70.00 | NOTE | |||
r-release-windows-x86_64 | 0.1.0 | 29.00 | 78.00 | 107.00 | OK | |
r-oldrel-macos-arm64 | 0.1.0 | 50.00 | NOTE | |||
r-oldrel-macos-x86_64 | 0.1.0 | 72.00 | NOTE | |||
r-oldrel-windows-x86_64 | 0.1.0 | 38.00 | 90.00 | 128.00 | OK |
Version: 0.1.0
Check: installed package size
Result: NOTE
installed size is 5.5Mb
sub-directories of 1Mb or more:
libs 4.8Mb
Flavors: r-release-macos-arm64, r-release-macos-x86_64, r-oldrel-macos-arm64, r-oldrel-macos-x86_64