Last updated on 2025-11-16 04:48:44 CET.
| Flavor | Version | Tinstall | Tcheck | Ttotal | Status | Flags |
|---|---|---|---|---|---|---|
| r-devel-linux-x86_64-debian-clang | 1.0.5 | 4.35 | 37.01 | 41.36 | OK | |
| r-devel-linux-x86_64-debian-gcc | 1.0.5 | 3.27 | 28.65 | 31.92 | OK | |
| r-devel-linux-x86_64-fedora-clang | 1.0.5 | 63.99 | OK | |||
| r-devel-linux-x86_64-fedora-gcc | 1.0.5 | 10.00 | 64.65 | 74.65 | OK | |
| r-devel-windows-x86_64 | 1.0.5 | 7.00 | 53.00 | 60.00 | OK | |
| r-patched-linux-x86_64 | 1.0.5 | 4.63 | 34.83 | 39.46 | OK | |
| r-release-linux-x86_64 | 1.0.5 | 3.76 | 34.69 | 38.45 | OK | |
| r-release-macos-arm64 | 1.0.5 | 2.00 | 34.00 | 36.00 | OK | |
| r-release-macos-x86_64 | 1.0.5 | 5.00 | 47.00 | 52.00 | OK | |
| r-release-windows-x86_64 | 1.0.5 | 6.00 | 53.00 | 59.00 | OK | |
| r-oldrel-macos-arm64 | 1.0.5 | 3.00 | 34.00 | 37.00 | NOTE | |
| r-oldrel-macos-x86_64 | 1.0.5 | 6.00 | 57.00 | 63.00 | NOTE | |
| r-oldrel-windows-x86_64 | 1.0.5 | 8.00 | 62.00 | 70.00 | NOTE |
Version: 1.0.5
Check: installed package size
Result: NOTE
installed size is 7.6Mb
sub-directories of 1Mb or more:
data 4.0Mb
doc 3.5Mb
Flavors: r-oldrel-macos-arm64, r-oldrel-macos-x86_64, r-oldrel-windows-x86_64