Last updated on 2025-02-22 04:51:21 CET.
Flavor | Version | Tinstall | Tcheck | Ttotal | Status | Flags |
---|---|---|---|---|---|---|
r-devel-linux-x86_64-debian-clang | 0.5.0 | 13.30 | 587.98 | 601.28 | NOTE | |
r-devel-linux-x86_64-debian-gcc | 0.5.0 | 10.00 | 327.16 | 337.16 | NOTE | |
r-devel-linux-x86_64-fedora-clang | 0.5.0 | 1021.38 | OK | |||
r-devel-linux-x86_64-fedora-gcc | 0.5.0 | 1064.07 | OK | |||
r-devel-macos-arm64 | 0.5.0 | 161.00 | OK | |||
r-devel-macos-x86_64 | 0.5.0 | 442.00 | OK | |||
r-devel-windows-x86_64 | 0.5.0 | 15.00 | 337.00 | 352.00 | NOTE | |
r-patched-linux-x86_64 | 0.5.0 | 21.07 | 542.32 | 563.39 | OK | |
r-release-linux-x86_64 | 0.5.0 | 11.70 | 538.88 | 550.58 | OK | |
r-release-macos-arm64 | 0.5.0 | 152.00 | OK | |||
r-release-macos-x86_64 | 0.5.0 | 239.00 | OK | |||
r-release-windows-x86_64 | 0.5.0 | 14.00 | 332.00 | 346.00 | OK | |
r-oldrel-macos-arm64 | 0.5.0 | 164.00 | OK | |||
r-oldrel-macos-x86_64 | 0.5.0 | 295.00 | OK | |||
r-oldrel-windows-x86_64 | 0.5.0 | 19.00 | 461.00 | 480.00 | OK |
Version: 0.5.0
Check: Rd cross-references
Result: NOTE
Found the following Rd file(s) with Rd \link{} targets missing package
anchors:
multiple_netfacs_network.Rd: igraph, tbl_graph
multiple_network_plot.Rd: ggraph
Please provide package anchors for all Rd \link{} targets not in the
package itself and the base packages.
Flavors: r-devel-linux-x86_64-debian-clang, r-devel-linux-x86_64-debian-gcc, r-devel-windows-x86_64