Last updated on 2025-11-16 04:48:45 CET.
| Flavor | Version | Tinstall | Tcheck | Ttotal | Status | Flags |
|---|---|---|---|---|---|---|
| r-devel-linux-x86_64-debian-clang | 4.0.0 | 15.88 | 265.55 | 281.43 | OK | |
| r-devel-linux-x86_64-debian-gcc | 4.0.0 | 10.02 | 177.64 | 187.66 | OK | |
| r-devel-linux-x86_64-fedora-clang | 4.0.0 | 42.00 | 429.05 | 471.05 | OK | |
| r-devel-linux-x86_64-fedora-gcc | 4.0.0 | 36.00 | 395.77 | 431.77 | OK | |
| r-devel-windows-x86_64 | 4.0.0 | 17.00 | 279.00 | 296.00 | OK | |
| r-patched-linux-x86_64 | 4.0.0 | 17.46 | 243.82 | 261.28 | OK | |
| r-release-linux-x86_64 | 4.0.0 | 14.84 | 246.22 | 261.06 | OK | |
| r-release-macos-arm64 | 4.0.0 | 7.00 | 111.00 | 118.00 | OK | |
| r-release-macos-x86_64 | 4.0.0 | 17.00 | 213.00 | 230.00 | OK | |
| r-release-windows-x86_64 | 4.0.0 | 17.00 | 251.00 | 268.00 | OK | |
| r-oldrel-macos-arm64 | 4.0.0 | 8.00 | 90.00 | 98.00 | NOTE | |
| r-oldrel-macos-x86_64 | 4.0.0 | 14.00 | 219.00 | 233.00 | NOTE | |
| r-oldrel-windows-x86_64 | 4.0.0 | 20.00 | 325.00 | 345.00 | NOTE |
Version: 4.0.0
Check: installed package size
Result: NOTE
installed size is 7.4Mb
sub-directories of 1Mb or more:
data 5.5Mb
doc 1.4Mb
Flavors: r-oldrel-macos-arm64, r-oldrel-macos-x86_64, r-oldrel-windows-x86_64