Last updated on 2025-02-22 04:51:22 CET.
Flavor | Version | Tinstall | Tcheck | Ttotal | Status | Flags |
---|---|---|---|---|---|---|
r-devel-linux-x86_64-debian-clang | 0.3 | 8.71 | 83.47 | 92.18 | OK | |
r-devel-linux-x86_64-debian-gcc | 0.3 | 6.53 | 59.41 | 65.94 | OK | |
r-devel-linux-x86_64-fedora-clang | 0.3 | 145.63 | NOTE | |||
r-devel-linux-x86_64-fedora-gcc | 0.3 | 144.53 | NOTE | |||
r-devel-macos-arm64 | 0.3 | 41.00 | OK | |||
r-devel-macos-x86_64 | 0.3 | 79.00 | OK | |||
r-devel-windows-x86_64 | 0.3 | 10.00 | 89.00 | 99.00 | OK | |
r-patched-linux-x86_64 | 0.3 | 8.05 | 75.99 | 84.04 | NOTE | |
r-release-linux-x86_64 | 0.3 | 8.54 | 76.09 | 84.63 | NOTE | |
r-release-macos-arm64 | 0.3 | 40.00 | NOTE | |||
r-release-macos-x86_64 | 0.3 | 63.00 | NOTE | |||
r-release-windows-x86_64 | 0.3 | 9.00 | 86.00 | 95.00 | NOTE | |
r-oldrel-macos-arm64 | 0.3 | 45.00 | NOTE | |||
r-oldrel-macos-x86_64 | 0.3 | 74.00 | NOTE | |||
r-oldrel-windows-x86_64 | 0.3 | 13.00 | 107.00 | 120.00 | NOTE |
Version: 0.3
Check: dependencies in R code
Result: NOTE
Namespaces in Imports field not imported from:
‘randomForest’ ‘ranger’
All declared Imports should be used.
Flavors: r-devel-linux-x86_64-fedora-clang, r-devel-linux-x86_64-fedora-gcc
Version: 0.3
Check: LazyData
Result: NOTE
'LazyData' is specified without a 'data' directory
Flavors: r-patched-linux-x86_64, r-release-linux-x86_64, r-release-macos-arm64, r-release-macos-x86_64, r-release-windows-x86_64, r-oldrel-macos-arm64, r-oldrel-macos-x86_64, r-oldrel-windows-x86_64