Last updated on 2025-11-16 04:48:46 CET.
| Flavor | Version | Tinstall | Tcheck | Ttotal | Status | Flags |
|---|---|---|---|---|---|---|
| r-devel-linux-x86_64-debian-clang | 0.1.6 | 3.49 | 60.75 | 64.24 | OK | |
| r-devel-linux-x86_64-debian-gcc | 0.1.6 | 2.47 | 47.24 | 49.71 | NOTE | |
| r-devel-linux-x86_64-fedora-clang | 0.1.6 | 105.19 | OK | |||
| r-devel-linux-x86_64-fedora-gcc | 0.1.6 | 110.12 | OK | |||
| r-devel-windows-x86_64 | 0.1.6 | 8.00 | 82.00 | 90.00 | OK | |
| r-patched-linux-x86_64 | 0.1.6 | 3.31 | 56.54 | 59.85 | OK | |
| r-release-linux-x86_64 | 0.1.6 | 2.26 | 57.44 | 59.70 | OK | |
| r-release-macos-arm64 | 0.1.6 | 1.00 | 59.00 | 60.00 | OK | |
| r-release-macos-x86_64 | 0.1.6 | 3.00 | 80.00 | 83.00 | OK | |
| r-release-windows-x86_64 | 0.1.6 | 6.00 | 82.00 | 88.00 | OK | |
| r-oldrel-macos-arm64 | 0.1.6 | 2.00 | 130.00 | 132.00 | OK | |
| r-oldrel-macos-x86_64 | 0.1.6 | 3.00 | 97.00 | 100.00 | OK | |
| r-oldrel-windows-x86_64 | 0.1.6 | 7.00 | 97.00 | 104.00 | OK |
Version: 0.1.6
Check: CRAN incoming feasibility
Result: NOTE
Maintainer: ‘Tom Palmer <remlapmot@hotmail.com>’
The BugReports field in DESCRIPTION has
https://github.com/remlapmot/OneSampleMR/issues/
which should likely be
https://github.com/remlapmot/OneSampleMR/issues/issues
instead.
Flavor: r-devel-linux-x86_64-debian-gcc