Last updated on 2024-08-25 05:49:29 CEST.
Flavor | Version | Tinstall | Tcheck | Ttotal | Status | Flags |
---|---|---|---|---|---|---|
r-devel-linux-x86_64-debian-clang | 0.1 | 4.50 | 41.52 | 46.02 | OK | |
r-devel-linux-x86_64-debian-gcc | 0.1 | 3.33 | 31.64 | 34.97 | OK | |
r-devel-linux-x86_64-fedora-clang | 0.1 | 73.34 | NOTE | |||
r-devel-linux-x86_64-fedora-gcc | 0.1 | 69.07 | NOTE | |||
r-devel-windows-x86_64 | 0.1 | 6.00 | 62.00 | 68.00 | OK | |
r-patched-linux-x86_64 | 0.1 | 4.76 | 40.34 | 45.10 | OK | |
r-release-linux-x86_64 | 0.1 | 3.67 | 40.18 | 43.85 | OK | |
r-release-macos-arm64 | 0.1 | 25.00 | OK | |||
r-release-macos-x86_64 | 0.1 | 43.00 | OK | |||
r-release-windows-x86_64 | 0.1 | 6.00 | 63.00 | 69.00 | OK | |
r-oldrel-macos-arm64 | 0.1 | 44.00 | OK | |||
r-oldrel-macos-x86_64 | 0.1 | 50.00 | OK | |||
r-oldrel-windows-x86_64 | 0.1 | 8.00 | 70.00 | 78.00 | OK |
Version: 0.1
Check: data for non-ASCII characters
Result: NOTE
Note: found 5766 marked UTF-8 strings
Flavors: r-devel-linux-x86_64-fedora-clang, r-devel-linux-x86_64-fedora-gcc