Last updated on 2024-08-25 05:49:29 CEST.
Flavor | Version | Tinstall | Tcheck | Ttotal | Status | Flags |
---|---|---|---|---|---|---|
r-devel-linux-x86_64-debian-clang | 1.3.0 | 49.05 | 90.59 | 139.64 | OK | |
r-devel-linux-x86_64-debian-gcc | 1.3.0 | 36.97 | 63.36 | 100.33 | OK | |
r-devel-linux-x86_64-fedora-clang | 1.3.0 | 229.58 | OK | |||
r-devel-linux-x86_64-fedora-gcc | 1.3.0 | 261.13 | OK | |||
r-devel-windows-x86_64 | 1.3.0 | 52.00 | 134.00 | 186.00 | NOTE | |
r-patched-linux-x86_64 | 1.3.0 | 51.90 | 85.75 | 137.65 | OK | |
r-release-linux-x86_64 | 1.3.0 | 52.06 | 86.69 | 138.75 | OK | |
r-release-macos-arm64 | 1.3.0 | 77.00 | NOTE | |||
r-release-macos-x86_64 | 1.3.0 | 114.00 | NOTE | |||
r-release-windows-x86_64 | 1.3.0 | 53.00 | 140.00 | 193.00 | NOTE | |
r-oldrel-macos-arm64 | 1.3.0 | 65.00 | NOTE | |||
r-oldrel-macos-x86_64 | 1.3.0 | 162.00 | NOTE | |||
r-oldrel-windows-x86_64 | 1.3.0 | 64.00 | 172.00 | 236.00 | NOTE |
Version: 1.3.0
Check: installed package size
Result: NOTE
installed size is 5.1Mb
sub-directories of 1Mb or more:
doc 2.4Mb
libs 1.6Mb
Flavors: r-devel-windows-x86_64, r-release-macos-arm64, r-release-macos-x86_64, r-release-windows-x86_64, r-oldrel-macos-arm64, r-oldrel-macos-x86_64, r-oldrel-windows-x86_64