CRAN Package Check Results for Package OpenSpecy

Last updated on 2025-11-16 04:48:46 CET.

Flavor Version Tinstall Tcheck Ttotal Status Flags
r-devel-linux-x86_64-debian-clang 1.5.3 16.28 182.79 199.07 NOTE
r-devel-linux-x86_64-debian-gcc 1.5.3 10.95 126.80 137.75 NOTE
r-devel-linux-x86_64-fedora-clang 1.5.3 41.00 280.52 321.52 OK
r-devel-linux-x86_64-fedora-gcc 1.5.3 35.00 282.65 317.65 OK
r-devel-windows-x86_64 1.5.3 21.00 193.00 214.00 OK
r-patched-linux-x86_64 1.5.3 17.86 175.30 193.16 OK
r-release-linux-x86_64 1.5.3 17.03 176.67 193.70 OK
r-release-macos-arm64 1.5.3 7.00 76.00 83.00 OK
r-release-macos-x86_64 1.5.3 14.00 194.00 208.00 OK
r-release-windows-x86_64 1.5.3 19.00 178.00 197.00 OK
r-oldrel-macos-arm64 1.5.3 8.00 86.00 94.00 OK
r-oldrel-macos-x86_64 1.5.3 14.00 189.00 203.00 OK
r-oldrel-windows-x86_64 1.5.3 25.00 235.00 260.00 OK

Check Details

Version: 1.5.3
Check: CRAN incoming feasibility
Result: NOTE Maintainer: ‘Win Cowger <wincowger@gmail.com>’ Found the following (possibly) invalid URLs: URL: https://app.gitter.im/#/room/#Open-Specy_community:gitter.im From: README.md Message: Invalid URL: '#' not allowed in fragment Flavor: r-devel-linux-x86_64-debian-clang

Version: 1.5.3
Check: CRAN incoming feasibility
Result: NOTE Maintainer: ‘Win Cowger <wincowger@gmail.com>’ Found the following (possibly) invalid URLs: URL: https://app.gitter.im/#/room/#Open-Specy_community:gitter.im From: README.md Message: Invalid URL: '#' not allowed in fragment The BugReports field in DESCRIPTION has https://github.com/wincowgerDEV/OpenSpecy-package/issues/ which should likely be https://github.com/wincowgerDEV/OpenSpecy-package/issues/issues instead. Flavor: r-devel-linux-x86_64-debian-gcc