Last updated on 2025-11-16 04:48:46 CET.
| Flavor | Version | Tinstall | Tcheck | Ttotal | Status | Flags |
|---|---|---|---|---|---|---|
| r-devel-linux-x86_64-debian-clang | 1.0.1 | 10.48 | 62.49 | 72.97 | OK | |
| r-devel-linux-x86_64-debian-gcc | 1.0.1 | 8.86 | 50.27 | 59.13 | OK | |
| r-devel-linux-x86_64-fedora-clang | 1.0.1 | 24.00 | 96.07 | 120.07 | OK | |
| r-devel-linux-x86_64-fedora-gcc | 1.0.1 | 20.00 | 99.74 | 119.74 | OK | |
| r-devel-windows-x86_64 | 1.0.1 | 17.00 | 88.00 | 105.00 | OK | |
| r-patched-linux-x86_64 | 1.0.1 | 9.47 | 58.34 | 67.81 | OK | |
| r-release-linux-x86_64 | 1.0.1 | 9.62 | 58.49 | 68.11 | OK | |
| r-release-macos-arm64 | 1.0.1 | 6.00 | ERROR | |||
| r-release-macos-x86_64 | 1.0.1 | 14.00 | 79.00 | 93.00 | OK | |
| r-release-windows-x86_64 | 1.0.1 | 16.00 | 78.00 | 94.00 | OK | |
| r-oldrel-macos-arm64 | 1.0.1 | 8.00 | 39.00 | 47.00 | OK | |
| r-oldrel-macos-x86_64 | 1.0.1 | 10.00 | 59.00 | 69.00 | OK | |
| r-oldrel-windows-x86_64 | 1.0.1 | 18.00 | 96.00 | 114.00 | OK |
Version: 1.0.1
Check: package dependencies
Result: ERROR
Package required but not available: ‘org.Hs.eg.db’
See section ‘The DESCRIPTION file’ in the ‘Writing R Extensions’
manual.
Flavor: r-release-macos-arm64