CRAN Package Check Results for Package PBSmodelling

Last updated on 2025-02-21 04:51:58 CET.

Flavor Version Tinstall Tcheck Ttotal Status Flags
r-devel-linux-x86_64-debian-clang 2.69.3 19.98 100.02 120.00 NOTE
r-devel-linux-x86_64-debian-gcc 2.69.3 14.62 73.08 87.70 NOTE
r-devel-linux-x86_64-fedora-clang 2.69.3 200.05 NOTE
r-devel-linux-x86_64-fedora-gcc 2.69.3 209.28 NOTE
r-devel-macos-arm64 2.69.3 71.00 NOTE
r-devel-macos-x86_64 2.69.3 101.00 NOTE
r-devel-windows-x86_64 2.69.3 17.00 124.00 141.00 NOTE
r-patched-linux-x86_64 2.69.3 20.96 94.68 115.64 OK
r-release-linux-x86_64 2.69.3 18.77 94.41 113.18 OK
r-release-macos-arm64 2.69.3 80.00 NOTE
r-release-macos-x86_64 2.69.3 86.00 NOTE
r-release-windows-x86_64 2.69.3 17.00 126.00 143.00 NOTE
r-oldrel-macos-arm64 2.69.3 53.00 NOTE
r-oldrel-macos-x86_64 2.69.3 186.00 NOTE
r-oldrel-windows-x86_64 2.69.3 19.00 126.00 145.00 NOTE

Check Details

Version: 2.69.3
Check: compiled code
Result: NOTE File ‘PBSmodelling/libs/PBSmodelling.so’: Found non-API call to R: ‘SET_TYPEOF’ Compiled code should not call non-API entry points in R. See ‘Writing portable packages’ in the ‘Writing R Extensions’ manual, and section ‘Moving into C API compliance’ for issues with the use of non-API entry points. Flavors: r-devel-linux-x86_64-debian-clang, r-devel-linux-x86_64-debian-gcc, r-devel-linux-x86_64-fedora-clang, r-devel-linux-x86_64-fedora-gcc, r-devel-macos-arm64, r-devel-macos-x86_64

Version: 2.69.3
Check: compiled code
Result: NOTE File 'PBSmodelling/libs/x64/PBSmodelling.dll': Found non-API call to R: 'SET_TYPEOF' Compiled code should not call non-API entry points in R. See 'Writing portable packages' in the 'Writing R Extensions' manual, and section 'Moving into C API compliance' for issues with the use of non-API entry points. Flavor: r-devel-windows-x86_64

Version: 2.69.3
Check: installed package size
Result: NOTE installed size is 5.4Mb sub-directories of 1Mb or more: doc 1.4Mb examples 1.7Mb Flavors: r-release-macos-arm64, r-release-macos-x86_64, r-release-windows-x86_64, r-oldrel-macos-arm64, r-oldrel-macos-x86_64, r-oldrel-windows-x86_64