Last updated on 2024-08-25 05:49:30 CEST.
Flavor | Version | Tinstall | Tcheck | Ttotal | Status | Flags |
---|---|---|---|---|---|---|
r-devel-linux-x86_64-debian-clang | 2.1.1 | 103.06 | 118.90 | 221.96 | OK | |
r-devel-linux-x86_64-debian-gcc | 2.1.1 | 68.43 | 85.29 | 153.72 | OK | |
r-devel-linux-x86_64-fedora-clang | 2.1.1 | 414.22 | NOTE | |||
r-devel-linux-x86_64-fedora-gcc | 2.1.1 | 422.72 | NOTE | |||
r-devel-windows-x86_64 | 2.1.1 | 112.00 | 167.00 | 279.00 | OK | |
r-patched-linux-x86_64 | 2.1.1 | 94.57 | 112.59 | 207.16 | OK | |
r-release-linux-x86_64 | 2.1.1 | 93.25 | 112.86 | 206.11 | OK | |
r-release-macos-arm64 | 2.1.1 | 95.00 | OK | |||
r-release-macos-x86_64 | 2.1.1 | 108.00 | OK | |||
r-release-windows-x86_64 | 2.1.1 | 112.00 | 167.00 | 279.00 | OK | |
r-oldrel-macos-arm64 | 2.1.1 | 116.00 | OK | |||
r-oldrel-macos-x86_64 | 2.1.1 | 199.00 | OK | |||
r-oldrel-windows-x86_64 | 2.1.1 | 134.00 | 200.00 | 334.00 | OK |
Version: 2.1.1
Check: dependencies in R code
Result: NOTE
Namespaces in Imports field not imported from:
‘PlackettLuce’ ‘StatRank’ ‘pmr’ ‘prefmod’ ‘rankdist’
All declared Imports should be used.
Flavors: r-devel-linux-x86_64-fedora-clang, r-devel-linux-x86_64-fedora-gcc