Last updated on 2025-10-26 04:48:45 CET.
| Flavor | Version | Tinstall | Tcheck | Ttotal | Status | Flags |
|---|---|---|---|---|---|---|
| r-devel-linux-x86_64-debian-clang | 0.2.0 | 35.02 | 83.63 | 118.65 | OK | |
| r-devel-linux-x86_64-debian-gcc | 0.2.0 | 24.03 | 59.98 | 84.01 | OK | |
| r-devel-linux-x86_64-fedora-clang | 0.2.0 | 76.00 | 118.33 | 194.33 | OK | |
| r-devel-linux-x86_64-fedora-gcc | 0.2.0 | 85.00 | 116.37 | 201.37 | OK | |
| r-devel-windows-x86_64 | 0.2.0 | 42.00 | 114.00 | 156.00 | OK | |
| r-patched-linux-x86_64 | 0.2.0 | 39.78 | 77.32 | 117.10 | OK | |
| r-release-linux-x86_64 | 0.2.0 | 36.22 | 78.21 | 114.43 | OK | |
| r-release-macos-arm64 | 0.2.0 | 14.00 | 38.00 | 52.00 | OK | |
| r-release-macos-x86_64 | 0.2.0 | 25.00 | 88.00 | 113.00 | OK | |
| r-release-windows-x86_64 | 0.2.0 | 43.00 | 111.00 | 154.00 | OK | |
| r-oldrel-macos-arm64 | 0.2.0 | 13.00 | 43.00 | 56.00 | NOTE | |
| r-oldrel-macos-x86_64 | 0.2.0 | 29.00 | 89.00 | 118.00 | NOTE | |
| r-oldrel-windows-x86_64 | 0.2.0 | 50.00 | 161.00 | 211.00 | OK |
Version: 0.2.0
Check: installed package size
Result: NOTE
installed size is 6.0Mb
sub-directories of 1Mb or more:
libs 4.3Mb
Flavors: r-oldrel-macos-arm64, r-oldrel-macos-x86_64