Last updated on 2025-10-25 05:50:13 CEST.
| Flavor | Version | Tinstall | Tcheck | Ttotal | Status | Flags |
|---|---|---|---|---|---|---|
| r-devel-linux-x86_64-debian-clang | 0.6.0 | 8.30 | 38.06 | 46.36 | NOTE | |
| r-devel-linux-x86_64-debian-gcc | 0.6.0 | 6.20 | 31.09 | 37.29 | NOTE | |
| r-devel-linux-x86_64-fedora-clang | 0.6.0 | 20.00 | 51.99 | 71.99 | OK | |
| r-devel-linux-x86_64-fedora-gcc | 0.6.0 | 49.00 | 38.34 | 87.34 | NOTE | |
| r-devel-windows-x86_64 | 0.6.0 | 21.00 | 192.00 | 213.00 | OK | |
| r-patched-linux-x86_64 | 0.6.0 | 6.12 | 35.54 | 41.66 | OK | |
| r-release-linux-x86_64 | 0.6.0 | 6.27 | 35.64 | 41.91 | OK | |
| r-release-macos-arm64 | 0.6.0 | 11.00 | 30.00 | 41.00 | OK | |
| r-release-macos-x86_64 | 0.6.0 | 26.00 | 71.00 | 97.00 | OK | |
| r-release-windows-x86_64 | 0.6.0 | 24.00 | 189.00 | 213.00 | OK | |
| r-oldrel-macos-arm64 | 0.6.0 | 17.00 | 38.00 | 55.00 | NOTE | |
| r-oldrel-macos-x86_64 | 0.6.0 | 22.00 | 60.00 | 82.00 | NOTE | |
| r-oldrel-windows-x86_64 | 0.6.0 | 25.00 | 240.00 | 265.00 | NOTE |
Version: 0.6.0
Check: Rd files
Result: NOTE
checkRd: (-1) PROJ-package.Rd:16-21: Only 2 columns allowed in this table (row 1 has 1)
Flavors: r-devel-linux-x86_64-debian-clang, r-devel-linux-x86_64-debian-gcc, r-devel-linux-x86_64-fedora-gcc
Version: 0.6.0
Check: installed package size
Result: NOTE
installed size is 13.1Mb
sub-directories of 1Mb or more:
libs 12.8Mb
Flavors: r-oldrel-macos-arm64, r-oldrel-macos-x86_64, r-oldrel-windows-x86_64