Last updated on 2024-08-25 05:49:30 CEST.
Flavor | Version | Tinstall | Tcheck | Ttotal | Status | Flags |
---|---|---|---|---|---|---|
r-devel-linux-x86_64-debian-clang | 3.2.13 | 77.52 | 86.33 | 163.85 | OK | |
r-devel-linux-x86_64-debian-gcc | 3.2.13 | 57.38 | 61.88 | 119.26 | OK | |
r-devel-linux-x86_64-fedora-clang | 3.2.13 | 251.53 | OK | |||
r-devel-linux-x86_64-fedora-gcc | 3.2.13 | 303.81 | OK | |||
r-devel-windows-x86_64 | 3.2.13 | 68.00 | 116.00 | 184.00 | OK | |
r-patched-linux-x86_64 | 3.2.13 | 71.52 | 84.55 | 156.07 | OK | |
r-release-linux-x86_64 | 3.2.13 | 77.13 | 84.45 | 161.58 | OK | |
r-release-macos-arm64 | 3.2.13 | 66.00 | NOTE | |||
r-release-macos-x86_64 | 3.2.13 | 105.00 | NOTE | |||
r-release-windows-x86_64 | 3.2.13 | 73.00 | 116.00 | 189.00 | OK | |
r-oldrel-macos-arm64 | 3.2.13 | 69.00 | NOTE | |||
r-oldrel-macos-x86_64 | 3.2.13 | 185.00 | NOTE | |||
r-oldrel-windows-x86_64 | 3.2.13 | 86.00 | 146.00 | 232.00 | OK |
Version: 3.2.13
Check: installed package size
Result: NOTE
installed size is 21.1Mb
sub-directories of 1Mb or more:
libs 20.7Mb
Flavors: r-release-macos-arm64, r-release-macos-x86_64, r-oldrel-macos-arm64, r-oldrel-macos-x86_64