Last updated on 2025-11-16 04:48:48 CET.
| Flavor | Version | Tinstall | Tcheck | Ttotal | Status | Flags |
|---|---|---|---|---|---|---|
| r-devel-linux-x86_64-debian-clang | 0.0.1 | 2.39 | 30.36 | 32.75 | NOTE | |
| r-devel-linux-x86_64-debian-gcc | 0.0.1 | 1.69 | 24.96 | 26.65 | NOTE | |
| r-devel-linux-x86_64-fedora-clang | 0.0.1 | 49.06 | NOTE | |||
| r-devel-linux-x86_64-fedora-gcc | 0.0.1 | 59.83 | NOTE | |||
| r-devel-windows-x86_64 | 0.0.1 | 5.00 | 51.00 | 56.00 | NOTE | |
| r-patched-linux-x86_64 | 0.0.1 | 2.94 | 28.23 | 31.17 | NOTE | |
| r-release-linux-x86_64 | 0.0.1 | 2.42 | 28.30 | 30.72 | NOTE | |
| r-release-macos-arm64 | 0.0.1 | 2.00 | 39.00 | 41.00 | NOTE | |
| r-release-macos-x86_64 | 0.0.1 | 4.00 | 58.00 | 62.00 | NOTE | |
| r-release-windows-x86_64 | 0.0.1 | 5.00 | 50.00 | 55.00 | NOTE | |
| r-oldrel-macos-arm64 | 0.0.1 | 1.00 | 25.00 | 26.00 | NOTE | |
| r-oldrel-macos-x86_64 | 0.0.1 | 3.00 | 58.00 | 61.00 | NOTE | |
| r-oldrel-windows-x86_64 | 0.0.1 | 4.00 | 59.00 | 63.00 | NOTE |
Version: 0.0.1
Check: Rd files
Result: NOTE
checkRd: (-1) qpc.Rd:43: Lost braces
43 | S{Sulewski, P. (2020). \emph{Normal Distribution with Plasticizing Component,} Communications in Statistics ? Theory and Method 51(11), 3806-3835.}
| ^
Flavors: r-devel-linux-x86_64-debian-clang, r-devel-linux-x86_64-debian-gcc, r-devel-linux-x86_64-fedora-clang, r-devel-linux-x86_64-fedora-gcc, r-devel-windows-x86_64, r-patched-linux-x86_64, r-release-linux-x86_64, r-release-macos-arm64, r-release-macos-x86_64, r-release-windows-x86_64, r-oldrel-macos-arm64, r-oldrel-macos-x86_64, r-oldrel-windows-x86_64