CRAN Package Check Results for Package PakPMICS2018hh

Last updated on 2025-02-21 04:51:58 CET.

Flavor Version Tinstall Tcheck Ttotal Status Flags
r-devel-linux-x86_64-debian-clang 0.1.0 7.37 39.27 46.64 NOTE
r-devel-linux-x86_64-debian-gcc 0.1.0 5.67 28.73 34.40 NOTE
r-devel-linux-x86_64-fedora-clang 0.1.0 81.20 NOTE
r-devel-linux-x86_64-fedora-gcc 0.1.0 88.06 NOTE
r-devel-macos-arm64 0.1.0 34.00 NOTE
r-devel-macos-x86_64 0.1.0 61.00 NOTE
r-devel-windows-x86_64 0.1.0 9.00 67.00 76.00 NOTE
r-patched-linux-x86_64 0.1.0 7.39 36.79 44.18 NOTE
r-release-linux-x86_64 0.1.0 7.82 36.67 44.49 NOTE
r-release-macos-arm64 0.1.0 32.00 NOTE
r-release-macos-x86_64 0.1.0 45.00 NOTE
r-release-windows-x86_64 0.1.0 9.00 55.00 64.00 NOTE
r-oldrel-macos-arm64 0.1.0 34.00 OK
r-oldrel-macos-x86_64 0.1.0 50.00 NOTE
r-oldrel-windows-x86_64 0.1.0 13.00 62.00 75.00 OK

Check Details

Version: 0.1.0
Check: Rd files
Result: NOTE checkRd: (-1) PakPMICS2018hh.Rd:362: Lost braces in \enumerate; meant \describe ? checkRd: (-1) PakPMICS2018hh.Rd:363: Lost braces in \enumerate; meant \describe ? Flavors: r-devel-linux-x86_64-debian-clang, r-devel-linux-x86_64-debian-gcc, r-devel-linux-x86_64-fedora-clang, r-devel-linux-x86_64-fedora-gcc, r-devel-macos-arm64, r-devel-macos-x86_64, r-devel-windows-x86_64, r-patched-linux-x86_64, r-release-linux-x86_64, r-release-macos-arm64, r-release-macos-x86_64, r-release-windows-x86_64

Version: 0.1.0
Check: installed package size
Result: NOTE installed size is 5.7Mb sub-directories of 1Mb or more: data 5.1Mb Flavors: r-release-macos-arm64, r-release-macos-x86_64, r-oldrel-macos-x86_64