Last updated on 2025-11-16 04:48:46 CET.
| Flavor | Version | Tinstall | Tcheck | Ttotal | Status | Flags |
|---|---|---|---|---|---|---|
| r-devel-linux-x86_64-debian-clang | 0.1 | 14.55 | 143.58 | 158.13 | OK | |
| r-devel-linux-x86_64-debian-gcc | 0.1 | 10.81 | 101.89 | 112.70 | NOTE | |
| r-devel-linux-x86_64-fedora-clang | 0.1 | 115.00 | 160.16 | 275.16 | NOTE | |
| r-devel-linux-x86_64-fedora-gcc | 0.1 | 26.00 | 235.79 | 261.79 | NOTE | |
| r-devel-windows-x86_64 | 0.1 | 19.00 | 136.00 | 155.00 | OK | |
| r-patched-linux-x86_64 | 0.1 | 11.62 | 135.89 | 147.51 | OK | |
| r-release-linux-x86_64 | 0.1 | 13.73 | 133.75 | 147.48 | OK | |
| r-release-macos-arm64 | 0.1 | 6.00 | 123.00 | 129.00 | OK | |
| r-release-macos-x86_64 | 0.1 | 12.00 | 120.00 | 132.00 | OK | |
| r-release-windows-x86_64 | 0.1 | 16.00 | 138.00 | 154.00 | OK | |
| r-oldrel-macos-arm64 | 0.1 | 6.00 | 59.00 | 65.00 | OK | |
| r-oldrel-macos-x86_64 | 0.1 | 15.00 | 74.00 | 89.00 | OK | |
| r-oldrel-windows-x86_64 | 0.1 | 22.00 | 183.00 | 205.00 | OK |
Version: 0.1
Check: HTML version of manual
Result: NOTE
Found the following HTML validation problems:
Path.Analysis.html:451:1 (desc.Rd:40): Warning: <script> anchor "MathJax-script" already defined
Path.Analysis.html:1001:1 (matdiag.Rd:49): Warning: <script> anchor "MathJax-script" already defined
Flavors: r-devel-linux-x86_64-debian-gcc, r-devel-linux-x86_64-fedora-gcc
Version: 0.1
Check: dependencies in R code
Result: NOTE
Namespaces in Imports field not imported from:
‘ComplexHeatmap’ ‘mathjaxr’
All declared Imports should be used.
Flavors: r-devel-linux-x86_64-fedora-clang, r-devel-linux-x86_64-fedora-gcc