Last updated on 2025-02-22 04:51:23 CET.
Flavor | Version | Tinstall | Tcheck | Ttotal | Status | Flags |
---|---|---|---|---|---|---|
r-devel-linux-x86_64-debian-clang | 1.14 | 20.86 | 23.09 | 43.95 | OK | |
r-devel-linux-x86_64-debian-gcc | 1.14 | 14.21 | 17.75 | 31.96 | OK | |
r-devel-linux-x86_64-fedora-clang | 1.14 | 101.58 | OK | |||
r-devel-linux-x86_64-fedora-gcc | 1.14 | 72.14 | OK | |||
r-devel-macos-x86_64 | 1.14 | 11.00 | ERROR | |||
r-devel-windows-x86_64 | 1.14 | 25.00 | 68.00 | 93.00 | OK | |
r-patched-linux-x86_64 | 1.14 | 19.42 | 22.11 | 41.53 | OK | |
r-release-linux-x86_64 | 1.14 | 18.97 | 22.11 | 41.08 | OK | |
r-release-macos-arm64 | 1.14 | OK | ||||
r-release-macos-x86_64 | 1.14 | 51.00 | OK | |||
r-release-windows-x86_64 | 1.14 | 25.00 | 69.00 | 94.00 | OK | |
r-oldrel-macos-x86_64 | 1.14 | 39.00 | OK | |||
r-oldrel-windows-x86_64 | 1.14 | 27.00 | 75.00 | 102.00 | OK |
Version: 1.14
Check: whether package can be installed
Result: ERROR
Installation failed.
Flavor: r-devel-macos-x86_64