Last updated on 2025-11-16 04:48:47 CET.
| Flavor | Version | Tinstall | Tcheck | Ttotal | Status | Flags |
|---|---|---|---|---|---|---|
| r-devel-linux-x86_64-debian-clang | 0.3.1 | 1.64 | 22.71 | 24.35 | OK | |
| r-devel-linux-x86_64-debian-gcc | 0.3.1 | 1.38 | 19.27 | 20.65 | NOTE | |
| r-devel-linux-x86_64-fedora-clang | 0.3.1 | 36.00 | OK | |||
| r-devel-linux-x86_64-fedora-gcc | 0.3.1 | 33.26 | OK | |||
| r-devel-windows-x86_64 | 0.3.1 | 5.00 | 40.00 | 45.00 | OK | |
| r-patched-linux-x86_64 | 0.3.1 | 1.79 | 20.40 | 22.19 | OK | |
| r-release-linux-x86_64 | 0.3.1 | 1.77 | 20.54 | 22.31 | OK | |
| r-release-macos-arm64 | 0.3.1 | 1.00 | 19.00 | 20.00 | OK | |
| r-release-macos-x86_64 | 0.3.1 | 2.00 | 27.00 | 29.00 | OK | |
| r-release-windows-x86_64 | 0.3.1 | 4.00 | 40.00 | 44.00 | OK | |
| r-oldrel-macos-arm64 | 0.3.1 | 1.00 | 18.00 | 19.00 | OK | |
| r-oldrel-macos-x86_64 | 0.3.1 | 2.00 | 30.00 | 32.00 | OK | |
| r-oldrel-windows-x86_64 | 0.3.1 | 5.00 | 45.00 | 50.00 | OK |
Version: 0.3.1
Check: CRAN incoming feasibility
Result: NOTE
Maintainer: ‘Martin R. Smith <martin.smith@durham.ac.uk>’
The BugReports field in DESCRIPTION has
https://github.com/ms609/PlotTools/issues/
which should likely be
https://github.com/ms609/PlotTools/issues/issues
instead.
Flavor: r-devel-linux-x86_64-debian-gcc