Last updated on 2024-08-25 05:49:30 CEST.
Flavor | Version | Tinstall | Tcheck | Ttotal | Status | Flags |
---|---|---|---|---|---|---|
r-devel-linux-x86_64-debian-clang | 1.4.3 | 14.67 | 102.96 | 117.63 | OK | |
r-devel-linux-x86_64-debian-gcc | 1.4.3 | 10.49 | 73.25 | 83.74 | OK | |
r-devel-linux-x86_64-fedora-clang | 1.4.3 | 205.77 | NOTE | |||
r-devel-linux-x86_64-fedora-gcc | 1.4.3 | 219.80 | NOTE | |||
r-devel-windows-x86_64 | 1.4.3 | 19.00 | 183.00 | 202.00 | OK | |
r-patched-linux-x86_64 | 1.4.3 | 12.93 | 99.06 | 111.99 | OK | |
r-release-linux-x86_64 | 1.4.3 | 12.70 | 99.16 | 111.86 | OK | |
r-release-macos-arm64 | 1.4.3 | 62.00 | OK | |||
r-release-macos-x86_64 | 1.4.3 | 95.00 | OK | |||
r-release-windows-x86_64 | 1.4.3 | 21.00 | 183.00 | 204.00 | OK | |
r-oldrel-macos-arm64 | 1.4.3 | 68.00 | OK | |||
r-oldrel-macos-x86_64 | 1.4.3 | 108.00 | OK | |||
r-oldrel-windows-x86_64 | 1.4.3 | 24.00 | 199.00 | 223.00 | OK |
Version: 1.4.3
Check: dependencies in R code
Result: NOTE
Namespace in Imports field not imported from: ‘dplyr’
All declared Imports should be used.
Flavors: r-devel-linux-x86_64-fedora-clang, r-devel-linux-x86_64-fedora-gcc