CRAN Package Check Results for Package PreKnitPostHTMLRender

Last updated on 2025-11-16 04:48:48 CET.

Flavor Version Tinstall Tcheck Ttotal Status Flags
r-devel-linux-x86_64-debian-clang 0.1.0 3.59 31.60 35.19 NOTE
r-devel-linux-x86_64-debian-gcc 0.1.0 2.72 25.30 28.02 NOTE
r-devel-linux-x86_64-fedora-clang 0.1.0 14.00 39.51 53.51 OK
r-devel-linux-x86_64-fedora-gcc 0.1.0 49.68 OK
r-devel-windows-x86_64 0.1.0 6.00 47.00 53.00 OK
r-patched-linux-x86_64 0.1.0 3.43 30.18 33.61 OK
r-release-linux-x86_64 0.1.0 3.19 30.77 33.96 OK
r-release-macos-arm64 0.1.0 2.00 19.00 21.00 OK
r-release-macos-x86_64 0.1.0 3.00 29.00 32.00 OK
r-release-windows-x86_64 0.1.0 6.00 47.00 53.00 OK
r-oldrel-macos-arm64 0.1.0 2.00 19.00 21.00 OK
r-oldrel-macos-x86_64 0.1.0 3.00 25.00 28.00 OK
r-oldrel-windows-x86_64 0.1.0 7.00 55.00 62.00 OK

Check Details

Version: 0.1.0
Check: CRAN incoming feasibility
Result: NOTE Maintainer: ‘Chin Soon Lim <chinsoon12@hotmail.com>’ No Authors@R field in DESCRIPTION. Please add one, modifying Authors@R: person(given = c("Chin", "Soon"), family = "Lim", role = c("aut", "cre"), email = "chinsoon12@hotmail.com") as necessary. The BugReports field in DESCRIPTION has https://github.com/chinsoon12/PreKnitPostHTMLRender which should likely be https://github.com/chinsoon12/PreKnitPostHTMLRender/issues instead. Flavors: r-devel-linux-x86_64-debian-clang, r-devel-linux-x86_64-debian-gcc