Last updated on 2024-08-25 05:49:30 CEST.
Flavor | Version | Tinstall | Tcheck | Ttotal | Status | Flags |
---|---|---|---|---|---|---|
r-devel-linux-x86_64-debian-clang | 2.0.1 | 8.02 | 174.49 | 182.51 | OK | |
r-devel-linux-x86_64-debian-gcc | 2.0.1 | 5.70 | 115.63 | 121.33 | OK | |
r-devel-linux-x86_64-fedora-clang | 2.0.1 | 312.58 | OK | |||
r-devel-linux-x86_64-fedora-gcc | 2.0.1 | 295.46 | OK | |||
r-devel-windows-x86_64 | 2.0.1 | 8.00 | 341.00 | 349.00 | OK | |
r-patched-linux-x86_64 | 2.0.1 | 8.39 | 163.11 | 171.50 | ERROR | |
r-release-linux-x86_64 | 2.0 | 5.68 | 168.61 | 174.29 | OK | |
r-release-macos-arm64 | 2.0.1 | 261.00 | OK | |||
r-release-macos-x86_64 | 2.0.1 | 471.00 | OK | |||
r-release-windows-x86_64 | 2.0.1 | 10.00 | 373.00 | 383.00 | OK | |
r-oldrel-macos-arm64 | 2.0.1 | 414.00 | OK | |||
r-oldrel-macos-x86_64 | 2.0.1 | 591.00 | OK | |||
r-oldrel-windows-x86_64 | 2.0.1 | 12.00 | 408.00 | 420.00 | OK |
Version: 2.0.1
Check: re-building of vignette outputs
Result: ERROR
Error(s) in re-building vignettes:
...
--- re-building ‘Enhancing_Chemical_Data_Access_with_PubChemR.Rmd’ using rmarkdown
--- finished re-building ‘Enhancing_Chemical_Data_Access_with_PubChemR.Rmd’
--- re-building ‘Exploring_Chemical_Data_with_PubChemR.Rmd’ using rmarkdown
--- finished re-building ‘Exploring_Chemical_Data_with_PubChemR.Rmd’
--- re-building ‘Working_with_PubChemR_to_Access_Chemical_Data.Rmd’ using rmarkdown
Quitting from lines 511-518 [get_sids_by_formula] (Working_with_PubChemR_to_Access_Chemical_Data.Rmd)
Error: processing vignette 'Working_with_PubChemR_to_Access_Chemical_Data.Rmd' failed with diagnostics:
<text>:1:9: unexpected symbol
1: Request timed
^
--- failed re-building ‘Working_with_PubChemR_to_Access_Chemical_Data.Rmd’
SUMMARY: processing the following file failed:
‘Working_with_PubChemR_to_Access_Chemical_Data.Rmd’
Error: Vignette re-building failed.
Execution halted
Flavor: r-patched-linux-x86_64