Last updated on 2025-11-16 04:48:49 CET.
| Flavor | Version | Tinstall | Tcheck | Ttotal | Status | Flags |
|---|---|---|---|---|---|---|
| r-devel-linux-x86_64-debian-clang | 0.0.1 | 351.66 | 104.16 | 455.82 | OK | |
| r-devel-linux-x86_64-debian-gcc | 0.0.1 | 288.74 | 100.44 | 389.18 | OK | |
| r-devel-linux-x86_64-fedora-clang | 0.0.1 | 162.00 | 508.54 | 670.54 | OK | |
| r-devel-linux-x86_64-fedora-gcc | 0.0.1 | 408.00 | 500.63 | 908.63 | OK | |
| r-devel-windows-x86_64 | 0.0.1 | 356.00 | 182.00 | 538.00 | OK | |
| r-patched-linux-x86_64 | 0.0.1 | 393.76 | 133.09 | 526.85 | OK | |
| r-release-linux-x86_64 | 0.0.1 | 384.00 | 132.13 | 516.13 | OK | |
| r-release-macos-arm64 | 0.0.1 | 144.00 | 54.00 | 198.00 | OK | |
| r-release-macos-x86_64 | 0.0.1 | 121.00 | 95.00 | 216.00 | OK | |
| r-release-windows-x86_64 | 0.0.1 | 333.00 | 174.00 | 507.00 | OK | |
| r-oldrel-macos-arm64 | 0.0.1 | 132.00 | 62.00 | 194.00 | NOTE | |
| r-oldrel-macos-x86_64 | 0.0.1 | 123.00 | 99.00 | 222.00 | NOTE | |
| r-oldrel-windows-x86_64 | 0.0.1 | 414.00 | 222.00 | 636.00 | OK |
Version: 0.0.1
Check: installed package size
Result: NOTE
installed size is 123.6Mb
sub-directories of 1Mb or more:
libs 123.1Mb
Flavors: r-oldrel-macos-arm64, r-oldrel-macos-x86_64