Last updated on 2025-02-21 04:52:00 CET.
Flavor | Version | Tinstall | Tcheck | Ttotal | Status | Flags |
---|---|---|---|---|---|---|
r-devel-linux-x86_64-debian-clang | 1.1.1 | 37.47 | 270.34 | 307.81 | NOTE | |
r-devel-linux-x86_64-debian-gcc | 1.1.1 | 23.13 | 171.51 | 194.64 | NOTE | |
r-devel-linux-x86_64-fedora-clang | 1.1.1 | 523.65 | OK | |||
r-devel-linux-x86_64-fedora-gcc | 1.1.1 | 511.05 | OK | |||
r-devel-macos-arm64 | 1.1.1 | 169.00 | OK | |||
r-devel-macos-x86_64 | 1.1.1 | 285.00 | OK | |||
r-devel-windows-x86_64 | 1.1.1 | 36.00 | 255.00 | 291.00 | NOTE | |
r-patched-linux-x86_64 | 1.1.1 | 44.92 | 248.77 | 293.69 | OK | |
r-release-linux-x86_64 | 1.1.1 | 34.12 | 248.33 | 282.45 | OK | |
r-release-macos-arm64 | 1.1.1 | 174.00 | NOTE | |||
r-release-macos-x86_64 | 1.1.1 | 239.00 | NOTE | |||
r-release-windows-x86_64 | 1.1.1 | 37.00 | 251.00 | 288.00 | NOTE | |
r-oldrel-macos-arm64 | 1.1.1 | 134.00 | NOTE | |||
r-oldrel-macos-x86_64 | 1.1.1 | 194.00 | NOTE | |||
r-oldrel-windows-x86_64 | 1.1.1 | 50.00 | 331.00 | 381.00 | NOTE |
Version: 1.1.1
Check: Rd cross-references
Result: NOTE
Found the following Rd file(s) with Rd \link{} targets missing package
anchors:
fl.drFitModel.Rd: nlsLM
Please provide package anchors for all Rd \link{} targets not in the
package itself and the base packages.
Flavors: r-devel-linux-x86_64-debian-clang, r-devel-linux-x86_64-debian-gcc, r-devel-windows-x86_64
Version: 1.1.1
Check: installed package size
Result: NOTE
installed size is 5.3Mb
sub-directories of 1Mb or more:
doc 2.0Mb
shiny_app 1.2Mb
Flavors: r-release-macos-arm64, r-release-macos-x86_64, r-release-windows-x86_64, r-oldrel-macos-arm64, r-oldrel-macos-x86_64, r-oldrel-windows-x86_64