Last updated on 2025-02-21 04:52:00 CET.
Flavor | Version | Tinstall | Tcheck | Ttotal | Status | Flags |
---|---|---|---|---|---|---|
r-devel-linux-x86_64-debian-clang | 2.17.2 | 4.40 | 58.62 | 63.02 | OK | |
r-devel-linux-x86_64-debian-gcc | 2.17.2 | 2.57 | 42.91 | 45.48 | OK | |
r-devel-linux-x86_64-fedora-clang | 2.17.2 | 100.63 | OK | |||
r-devel-linux-x86_64-fedora-gcc | 2.17.2 | 112.85 | OK | |||
r-devel-macos-arm64 | 2.17.2 | 45.00 | OK | |||
r-devel-macos-x86_64 | 2.17.2 | 88.00 | OK | |||
r-devel-windows-x86_64 | 2.17.2 | 5.00 | 102.00 | 107.00 | OK | |
r-patched-linux-x86_64 | 2.17.2 | 3.73 | 54.37 | 58.10 | OK | |
r-release-linux-x86_64 | 2.17.2 | 3.02 | 54.44 | 57.46 | OK | |
r-release-macos-arm64 | 2.17.2 | 40.00 | OK | |||
r-release-macos-x86_64 | 2.17.2 | 48.00 | NOTE | |||
r-release-windows-x86_64 | 2.17.2 | 5.00 | 101.00 | 106.00 | OK | |
r-oldrel-macos-arm64 | 2.17.2 | 47.00 | OK | |||
r-oldrel-macos-x86_64 | 2.17.2 | 108.00 | OK | |||
r-oldrel-windows-x86_64 | 2.17.2 | 5.00 | 107.00 | 112.00 | OK |
Version: 2.17.2
Check: package vignettes
Result: NOTE
Package has ‘vignettes’ subdirectory but apparently no vignettes.
Perhaps the ‘VignetteBuilder’ information is missing from the
DESCRIPTION file?
Flavor: r-release-macos-x86_64