Last updated on 2025-02-21 04:52:00 CET.
Flavor | Version | Tinstall | Tcheck | Ttotal | Status | Flags |
---|---|---|---|---|---|---|
r-devel-linux-x86_64-debian-clang | 2.12.3 | 15.75 | 157.94 | 173.69 | NOTE | |
r-devel-linux-x86_64-debian-gcc | 2.12.3 | 11.34 | 109.44 | 120.78 | NOTE | |
r-devel-linux-x86_64-fedora-clang | 2.12.3 | 277.84 | OK | |||
r-devel-linux-x86_64-fedora-gcc | 2.12.3 | 270.95 | OK | |||
r-devel-macos-arm64 | 2.12.3 | 103.00 | OK | |||
r-devel-macos-x86_64 | 2.12.3 | 221.00 | OK | |||
r-devel-windows-x86_64 | 2.12.3 | 18.00 | 393.00 | 411.00 | NOTE | |
r-patched-linux-x86_64 | 2.12.3 | 22.29 | 183.53 | 205.82 | OK | |
r-release-linux-x86_64 | 2.12.3 | 15.56 | 144.05 | 159.61 | OK | |
r-release-macos-arm64 | 2.12.3 | 99.00 | OK | |||
r-release-macos-x86_64 | 2.12.3 | 160.00 | OK | |||
r-release-windows-x86_64 | 2.12.3 | 20.00 | 380.00 | 400.00 | OK | |
r-oldrel-macos-arm64 | 2.12.3 | 105.00 | OK | |||
r-oldrel-macos-x86_64 | 2.12.3 | 295.00 | OK | |||
r-oldrel-windows-x86_64 | 2.12.3 | 22.00 | 503.00 | 525.00 | OK |
Version: 2.12.3
Check: Rd cross-references
Result: NOTE
Found the following Rd file(s) with Rd \link{} targets missing package
anchors:
TimeoutException.Rd: Exception
Please provide package anchors for all Rd \link{} targets not in the
package itself and the base packages.
Flavors: r-devel-linux-x86_64-debian-clang, r-devel-linux-x86_64-debian-gcc, r-devel-windows-x86_64