Last updated on 2025-11-16 04:48:51 CET.
| Flavor | Version | Tinstall | Tcheck | Ttotal | Status | Flags |
|---|---|---|---|---|---|---|
| r-devel-linux-x86_64-debian-clang | 1.2.0 | 7.85 | 105.03 | 112.88 | NOTE | |
| r-devel-linux-x86_64-debian-gcc | 1.2.0 | 5.40 | 72.96 | 78.36 | NOTE | |
| r-devel-linux-x86_64-fedora-clang | 1.2.0 | 17.00 | 171.30 | 188.30 | OK | |
| r-devel-linux-x86_64-fedora-gcc | 1.2.0 | 25.00 | 175.08 | 200.08 | OK | |
| r-devel-windows-x86_64 | 1.2.0 | 11.00 | 128.00 | 139.00 | OK | |
| r-patched-linux-x86_64 | 1.2.0 | 7.49 | 100.34 | 107.83 | OK | |
| r-release-linux-x86_64 | 1.2.0 | 6.77 | 100.21 | 106.98 | OK | |
| r-release-macos-arm64 | 1.2.0 | 4.00 | 68.00 | 72.00 | OK | |
| r-release-macos-x86_64 | 1.2.0 | 7.00 | 104.00 | 111.00 | OK | |
| r-release-windows-x86_64 | 1.2.0 | 11.00 | 124.00 | 135.00 | OK | |
| r-oldrel-macos-arm64 | 1.2.0 | 4.00 | 52.00 | 56.00 | NOTE | |
| r-oldrel-macos-x86_64 | 1.2.0 | 6.00 | 81.00 | 87.00 | NOTE | |
| r-oldrel-windows-x86_64 | 1.2.0 | 13.00 | 162.00 | 175.00 | NOTE |
Version: 1.2.0
Check: CRAN incoming feasibility
Result: NOTE
Maintainer: ‘Cristian Quiroz-Moreno <cristianquirozd1997@gmail.com>’
Package CITATION file contains call(s) to old-style citEntry(). Please
use bibentry() instead.
Flavors: r-devel-linux-x86_64-debian-clang, r-devel-linux-x86_64-debian-gcc
Version: 1.2.0
Check: installed package size
Result: NOTE
installed size is 5.4Mb
sub-directories of 1Mb or more:
data 1.9Mb
doc 1.2Mb
extdata 1.9Mb
Flavors: r-oldrel-macos-arm64, r-oldrel-macos-x86_64, r-oldrel-windows-x86_64