Last updated on 2024-08-25 05:49:32 CEST.
Flavor | Version | Tinstall | Tcheck | Ttotal | Status | Flags |
---|---|---|---|---|---|---|
r-devel-linux-x86_64-debian-clang | 4.2.7 | 16.46 | 116.93 | 133.39 | NOTE | |
r-devel-linux-x86_64-debian-gcc | 4.2.7 | 12.41 | 83.00 | 95.41 | NOTE | |
r-devel-linux-x86_64-fedora-clang | 4.2.7 | 217.10 | NOTE | |||
r-devel-linux-x86_64-fedora-gcc | 4.2.7 | 226.82 | OK | |||
r-devel-windows-x86_64 | 4.2.7 | 19.00 | 131.00 | 150.00 | NOTE | |
r-patched-linux-x86_64 | 4.2.7 | 21.92 | 110.88 | 132.80 | OK | |
r-release-linux-x86_64 | 4.2.7 | 13.93 | 109.19 | 123.12 | OK | |
r-release-macos-arm64 | 4.2.7 | 59.00 | OK | |||
r-release-macos-x86_64 | 4.2.7 | 95.00 | OK | |||
r-release-windows-x86_64 | 4.2.7 | 20.00 | 132.00 | 152.00 | OK | |
r-oldrel-macos-arm64 | 4.2.7 | 67.00 | OK | |||
r-oldrel-macos-x86_64 | 4.2.7 | 99.00 | OK | |||
r-oldrel-windows-x86_64 | 4.2.7 | 27.00 | 165.00 | 192.00 | OK |
Version: 4.2.7
Check: Rd cross-references
Result: NOTE
Found the following Rd file(s) with Rd \link{} targets missing package
anchors:
CalculateCorrDim.Rd: corrDim
CalculateEmbeddingDim.Rd: buildTakens
CalculateInfDim.Rd: infDim
Please provide package anchors for all Rd \link{} targets not in the
package itself and the base packages.
Flavors: r-devel-linux-x86_64-debian-clang, r-devel-linux-x86_64-debian-gcc, r-devel-windows-x86_64
Version: 4.2.7
Check: Rd cross-references
Result: NOTE
Undeclared packages ‘tseries’, ‘TSA’ in Rd xrefs
Flavor: r-devel-linux-x86_64-fedora-clang