Last updated on 2025-10-25 05:50:14 CEST.
| Flavor | Version | Tinstall | Tcheck | Ttotal | Status | Flags |
|---|---|---|---|---|---|---|
| r-devel-linux-x86_64-debian-clang | 5.0.0 | 23.37 | 169.82 | 193.19 | NOTE | |
| r-devel-linux-x86_64-debian-gcc | 5.0.0 | 15.76 | 116.32 | 132.08 | NOTE | |
| r-devel-linux-x86_64-fedora-clang | 5.0.0 | 50.00 | 249.18 | 299.18 | NOTE | |
| r-devel-linux-x86_64-fedora-gcc | 5.0.0 | 44.00 | 240.71 | 284.71 | NOTE | |
| r-devel-windows-x86_64 | 5.0.0 | 25.00 | 166.00 | 191.00 | NOTE | |
| r-patched-linux-x86_64 | 5.0.0 | 23.38 | 158.35 | 181.73 | NOTE | |
| r-release-linux-x86_64 | 5.0.0 | 20.42 | 156.91 | 177.33 | NOTE | |
| r-release-macos-arm64 | 5.0.0 | 9.00 | 62.00 | 71.00 | NOTE | |
| r-release-macos-x86_64 | 5.0.0 | 18.00 | 135.00 | 153.00 | NOTE | |
| r-release-windows-x86_64 | 5.0.0 | 24.00 | 170.00 | 194.00 | NOTE | |
| r-oldrel-macos-arm64 | 5.0.0 | 12.00 | 72.00 | 84.00 | OK | |
| r-oldrel-macos-x86_64 | 5.0.0 | 18.00 | 117.00 | 135.00 | OK | |
| r-oldrel-windows-x86_64 | 5.0.0 | 33.00 | 235.00 | 268.00 | OK |
Version: 5.0.0
Check: DESCRIPTION meta-information
Result: NOTE
Missing dependency on R >= 4.1.0 because package code uses the pipe
|> or function shorthand \(...) syntax added in R 4.1.0.
File(s) using such syntax:
‘RHRVEasy.R’ ‘easyStatsFunctions.R’
Flavors: r-devel-linux-x86_64-debian-clang, r-devel-linux-x86_64-debian-gcc, r-devel-linux-x86_64-fedora-clang, r-devel-linux-x86_64-fedora-gcc, r-devel-windows-x86_64, r-patched-linux-x86_64, r-release-linux-x86_64, r-release-macos-arm64, r-release-macos-x86_64, r-release-windows-x86_64