Last updated on 2025-02-22 04:51:25 CET.
Flavor | Version | Tinstall | Tcheck | Ttotal | Status | Flags |
---|---|---|---|---|---|---|
r-devel-linux-x86_64-debian-clang | 0.2.8 | 10.70 | 77.24 | 87.94 | OK | |
r-devel-linux-x86_64-debian-gcc | 0.2.8 | 7.24 | 52.80 | 60.04 | OK | |
r-devel-linux-x86_64-fedora-clang | 0.2.8 | 154.02 | OK | |||
r-devel-linux-x86_64-fedora-gcc | 0.2.8 | 141.38 | OK | |||
r-devel-macos-arm64 | 0.2.8 | 37.00 | OK | |||
r-devel-macos-x86_64 | 0.2.8 | 76.00 | OK | |||
r-devel-windows-x86_64 | 0.2.8 | 11.00 | 98.00 | 109.00 | OK | |
r-patched-linux-x86_64 | 0.2.8 | 11.63 | 72.83 | 84.46 | OK | |
r-release-linux-x86_64 | 0.2.8 | 9.78 | 72.22 | 82.00 | OK | |
r-release-macos-arm64 | 0.2.8 | 41.00 | NOTE | |||
r-release-macos-x86_64 | 0.2.8 | 94.00 | NOTE | |||
r-release-windows-x86_64 | 0.2.8 | 12.00 | 89.00 | 101.00 | NOTE | |
r-oldrel-macos-arm64 | 0.2.8 | 39.00 | NOTE | |||
r-oldrel-macos-x86_64 | 0.2.8 | 74.00 | NOTE | |||
r-oldrel-windows-x86_64 | 0.2.8 | 11.00 | 110.00 | 121.00 | NOTE |
Version: 0.2.8
Check: installed package size
Result: NOTE
installed size is 5.1Mb
sub-directories of 1Mb or more:
java 4.2Mb
Flavors: r-release-macos-arm64, r-release-macos-x86_64, r-release-windows-x86_64, r-oldrel-macos-arm64, r-oldrel-macos-x86_64, r-oldrel-windows-x86_64