CRAN Package Check Results for Package RLogicalOps

Last updated on 2025-11-16 04:48:51 CET.

Flavor Version Tinstall Tcheck Ttotal Status Flags
r-devel-linux-x86_64-debian-clang 0.1 1.73 18.44 20.17 NOTE
r-devel-linux-x86_64-debian-gcc 0.1 1.26 15.36 16.62 NOTE
r-devel-linux-x86_64-fedora-clang 0.1 29.45 OK
r-devel-linux-x86_64-fedora-gcc 0.1 28.12 OK
r-devel-windows-x86_64 0.1 4.00 37.00 41.00 OK
r-patched-linux-x86_64 0.1 1.69 17.19 18.88 OK
r-release-linux-x86_64 0.1 1.61 17.35 18.96 OK
r-release-macos-arm64 0.1 1.00 14.00 15.00 OK
r-release-macos-x86_64 0.1 2.00 21.00 23.00 OK
r-release-windows-x86_64 0.1 2.00 42.00 44.00 OK
r-oldrel-macos-arm64 0.1 1.00 12.00 13.00 NOTE
r-oldrel-macos-x86_64 0.1 2.00 18.00 20.00 NOTE
r-oldrel-windows-x86_64 0.1 4.00 43.00 47.00 NOTE

Check Details

Version: 0.1
Check: CRAN incoming feasibility
Result: NOTE Maintainer: ‘Sunny Kumar <sunny.nitie14@gmail.com>’ No Authors@R field in DESCRIPTION. Please add one, modifying Authors@R: person(given = "Sunny", family = "Kumar", role = c("aut", "cre"), email = "sunny.nitie14@gmail.com") as necessary. Flavors: r-devel-linux-x86_64-debian-clang, r-devel-linux-x86_64-debian-gcc

Version: 0.1
Check: LazyData
Result: NOTE 'LazyData' is specified without a 'data' directory Flavors: r-oldrel-macos-arm64, r-oldrel-macos-x86_64, r-oldrel-windows-x86_64