Last updated on 2025-02-21 04:52:02 CET.
Flavor | Version | Tinstall | Tcheck | Ttotal | Status | Flags |
---|---|---|---|---|---|---|
r-devel-linux-x86_64-debian-clang | 0.1.9 | 104.10 | 43.19 | 147.29 | NOTE | |
r-devel-linux-x86_64-debian-gcc | 0.1.9 | 73.66 | 31.98 | 105.64 | NOTE | |
r-devel-linux-x86_64-fedora-clang | 0.1.9 | 339.49 | NOTE | |||
r-devel-linux-x86_64-fedora-gcc | 0.1.9 | 285.96 | NOTE | |||
r-devel-macos-arm64 | 0.1.9 | 73.00 | NOTE | |||
r-devel-macos-x86_64 | 0.1.9 | 108.00 | NOTE | |||
r-devel-windows-x86_64 | 0.1.9 | 114.00 | 95.00 | 209.00 | NOTE | |
r-patched-linux-x86_64 | 0.1.9 | 102.51 | 40.23 | 142.74 | NOTE | |
r-release-linux-x86_64 | 0.1.9 | 104.27 | 40.01 | 144.28 | NOTE | |
r-release-macos-arm64 | 0.1.9 | 72.00 | NOTE | |||
r-release-macos-x86_64 | 0.1.9 | 114.00 | NOTE | |||
r-release-windows-x86_64 | 0.1.9 | 117.00 | 91.00 | 208.00 | NOTE | |
r-oldrel-macos-arm64 | 0.1.9 | 83.00 | NOTE | |||
r-oldrel-macos-x86_64 | 0.1.9 | 141.00 | NOTE | |||
r-oldrel-windows-x86_64 | 0.1.9 | 140.00 | 124.00 | 264.00 | NOTE |
Version: 0.1.9
Check: C++ specification
Result: NOTE
Specified C++11: please drop specification unless essential
Flavors: r-devel-linux-x86_64-debian-clang, r-devel-linux-x86_64-debian-gcc, r-devel-linux-x86_64-fedora-clang, r-devel-linux-x86_64-fedora-gcc, r-devel-macos-arm64, r-devel-macos-x86_64, r-devel-windows-x86_64, r-patched-linux-x86_64, r-release-linux-x86_64, r-release-macos-arm64, r-release-macos-x86_64, r-release-windows-x86_64, r-oldrel-macos-arm64, r-oldrel-macos-x86_64, r-oldrel-windows-x86_64