Last updated on 2025-11-16 04:48:51 CET.
| Flavor | Version | Tinstall | Tcheck | Ttotal | Status | Flags |
|---|---|---|---|---|---|---|
| r-devel-linux-x86_64-debian-clang | 4.1.5 | 8.30 | 173.12 | 181.42 | NOTE | |
| r-devel-linux-x86_64-debian-gcc | 4.1.5 | 5.34 | 118.15 | 123.49 | OK | |
| r-devel-linux-x86_64-fedora-clang | 4.1.5 | 43.00 | 249.66 | 292.66 | OK | |
| r-devel-linux-x86_64-fedora-gcc | 4.1.5 | 29.00 | 275.63 | 304.63 | OK | |
| r-devel-windows-x86_64 | 4.1.5 | 13.00 | 255.00 | 268.00 | NOTE | |
| r-patched-linux-x86_64 | 4.1.5 | 8.82 | 170.32 | 179.14 | OK | |
| r-release-linux-x86_64 | 4.1.5 | 8.19 | 164.37 | 172.56 | OK | |
| r-release-macos-arm64 | 4.1.5 | 4.00 | 71.00 | 75.00 | OK | |
| r-release-macos-x86_64 | 4.1.5 | 7.00 | 141.00 | 148.00 | OK | |
| r-release-windows-x86_64 | 4.1.5 | 10.00 | 263.00 | 273.00 | OK | |
| r-oldrel-macos-arm64 | 4.1.5 | 4.00 | 77.00 | 81.00 | OK | |
| r-oldrel-macos-x86_64 | 4.1.5 | 6.00 | 138.00 | 144.00 | OK | |
| r-oldrel-windows-x86_64 | 4.1.5 | 13.00 | 283.00 | 296.00 | OK |
Version: 4.1.5
Check: Rd files
Result: NOTE
checkRd: (-1) mixtCompLearn.Rd:212-239: Only 3 columns allowed in this table (row 1 has 1)
checkRd: (-1) mixtCompLearn.Rd:212-239: Only 3 columns allowed in this table (row 14 has 1)
checkRd: (-1) mixtCompLearn.Rd:240-279: Only 6 columns allowed in this table (row 1 has 1)
checkRd: (-1) mixtCompLearn.Rd:240-279: Only 6 columns allowed in this table (row 2 has 4)
checkRd: (-1) mixtCompLearn.Rd:240-279: Only 6 columns allowed in this table (row 3 has 4)
checkRd: (-1) mixtCompLearn.Rd:240-279: Only 6 columns allowed in this table (row 4 has 4)
checkRd: (-1) mixtCompLearn.Rd:240-279: Only 6 columns allowed in this table (row 5 has 4)
checkRd: (-1) mixtCompLearn.Rd:240-279: Only 6 columns allowed in this table (row 6 has 4)
checkRd: (-1) mixtCompLearn.Rd:240-279: Only 6 columns allowed in this table (row 7 has 5)
checkRd: (-1) mixtCompLearn.Rd:240-279: Only 6 columns allowed in this table (row 8 has 5)
checkRd: (-1) mixtCompLearn.Rd:240-279: Only 6 columns allowed in this table (row 9 has 5)
checkRd: (-1) mixtCompLearn.Rd:240-279: Only 6 columns allowed in this table (row 10 has 5)
checkRd: (-1) mixtCompLearn.Rd:240-279: Only 6 columns allowed in this table (row 11 has 5)
checkRd: (-1) mixtCompLearn.Rd:240-279: Only 6 columns allowed in this table (row 12 has 5)
checkRd: (-1) mixtCompLearn.Rd:240-279: Only 6 columns allowed in this table (row 13 has 5)
checkRd: (-1) mixtCompLearn.Rd:240-279: Only 6 columns allowed in this table (row 14 has 4)
checkRd: (-1) mixtCompLearn.Rd:240-279: Only 6 columns allowed in this table (row 15 has 5)
checkRd: (-1) mixtCompLearn.Rd:240-279: Only 6 columns allowed in this table (row 16 has 5)
checkRd: (-1) mixtCompLearn.Rd:240-279: Only 6 columns allowed in this table (row 17 has 5)
checkRd: (-1) mixtCompLearn.Rd:240-279: Only 6 columns allowed in this table (row 24 has 5)
checkRd: (-1) mixtCompLearn.Rd:240-279: Only 6 columns allowed in this table (row 29 has 5)
checkRd: (-1) mixtCompLearn.Rd:240-279: Only 6 columns allowed in this table (row 31 has 5)
checkRd: (-1) mixtCompLearn.Rd:240-279: Only 6 columns allowed in this table (row 32 has 5)
checkRd: (-1) mixtCompLearn.Rd:240-279: Only 6 columns allowed in this table (row 33 has 5)
checkRd: (-1) mixtCompLearn.Rd:240-279: Only 6 columns allowed in this table (row 34 has 5)
checkRd: (-1) mixtCompLearn.Rd:240-279: Only 6 columns allowed in this table (row 35 has 5)
checkRd: (-1) mixtCompLearn.Rd:240-279: Only 6 columns allowed in this table (row 36 has 5)
checkRd: (-1) mixtCompLearn.Rd:240-279: Only 6 columns allowed in this table (row 37 has 4)
Flavors: r-devel-linux-x86_64-debian-clang, r-devel-windows-x86_64