Last updated on 2025-11-16 04:48:52 CET.
| Flavor | Version | Tinstall | Tcheck | Ttotal | Status | Flags |
|---|---|---|---|---|---|---|
| r-devel-linux-x86_64-debian-clang | 0.1.3 | 1.89 | 47.89 | 49.78 | OK | |
| r-devel-linux-x86_64-debian-gcc | 0.1.3 | 1.63 | 36.65 | 38.28 | OK | |
| r-devel-linux-x86_64-fedora-clang | 0.1.3 | 74.49 | OK | |||
| r-devel-linux-x86_64-fedora-gcc | 0.1.3 | 85.39 | OK | |||
| r-devel-windows-x86_64 | 0.1.3 | 6.00 | 60.00 | 66.00 | OK | |
| r-patched-linux-x86_64 | 0.1.3 | 1.97 | 45.68 | 47.65 | OK | |
| r-release-linux-x86_64 | 0.1.3 | 1.89 | 45.85 | 47.74 | OK | |
| r-release-macos-arm64 | 0.1.3 | 1.00 | 36.00 | 37.00 | OK | |
| r-release-macos-x86_64 | 0.1.3 | 2.00 | 70.00 | 72.00 | OK | |
| r-release-windows-x86_64 | 0.1.3 | 4.00 | 59.00 | 63.00 | OK | |
| r-oldrel-macos-arm64 | 0.1.3 | 1.00 | 26.00 | 27.00 | NOTE | |
| r-oldrel-macos-x86_64 | 0.1.3 | 2.00 | 61.00 | 63.00 | NOTE | |
| r-oldrel-windows-x86_64 | 0.1.3 | 4.00 | 74.00 | 78.00 | NOTE |
Version: 0.1.3
Check: LazyData
Result: NOTE
'LazyData' is specified without a 'data' directory
Flavors: r-oldrel-macos-arm64, r-oldrel-macos-x86_64, r-oldrel-windows-x86_64