Last updated on 2024-08-25 05:49:33 CEST.
Flavor | Version | Tinstall | Tcheck | Ttotal | Status | Flags |
---|---|---|---|---|---|---|
r-devel-linux-x86_64-debian-clang | 0.4-17 | 71.48 | 44.44 | 115.92 | OK | |
r-devel-linux-x86_64-debian-gcc | 0.4-17 | 51.58 | 32.53 | 84.11 | OK | |
r-devel-linux-x86_64-fedora-clang | 0.4-17 | 291.21 | OK | |||
r-devel-linux-x86_64-fedora-gcc | 0.4-17 | 239.34 | OK | |||
r-devel-windows-x86_64 | 0.4-17 | 95.00 | 100.00 | 195.00 | OK | |
r-patched-linux-x86_64 | 0.4-17 | 76.78 | 42.43 | 119.21 | OK | |
r-release-linux-x86_64 | 0.4-17 | 76.44 | 42.72 | 119.16 | OK | |
r-release-macos-arm64 | 0.4-17 | 54.00 | NOTE | |||
r-release-macos-x86_64 | 0.4-17 | 66.00 | NOTE | |||
r-release-windows-x86_64 | 0.4-17 | 92.00 | 110.00 | 202.00 | OK | |
r-oldrel-macos-arm64 | 0.4-17 | 75.00 | NOTE | |||
r-oldrel-macos-x86_64 | 0.4-17 | 95.00 | NOTE | |||
r-oldrel-windows-x86_64 | 0.4-17 | 94.00 | 115.00 | 209.00 | OK |
Version: 0.4-17
Check: installed package size
Result: NOTE
installed size is 7.2Mb
sub-directories of 1Mb or more:
libs 6.2Mb
Flavors: r-release-macos-arm64, r-release-macos-x86_64, r-oldrel-macos-arm64, r-oldrel-macos-x86_64