Last updated on 2025-10-25 05:50:13 CEST.
| Flavor | Version | Tinstall | Tcheck | Ttotal | Status | Flags |
|---|---|---|---|---|---|---|
| r-devel-linux-x86_64-debian-clang | 1.0.8 | 18.96 | 82.53 | 101.49 | OK | |
| r-devel-linux-x86_64-debian-gcc | 1.0.8 | 11.46 | 54.53 | 65.99 | OK | |
| r-devel-linux-x86_64-fedora-clang | 1.0.8 | 55.00 | 112.11 | 167.11 | NOTE | |
| r-devel-linux-x86_64-fedora-gcc | 1.0.8 | 35.00 | 108.52 | 143.52 | NOTE | |
| r-devel-windows-x86_64 | 1.0.8 | 23.00 | 97.00 | 120.00 | OK | |
| r-patched-linux-x86_64 | 1.0.8 | 17.99 | 74.07 | 92.06 | OK | |
| r-release-linux-x86_64 | 1.0.8 | 15.62 | 74.50 | 90.12 | OK | |
| r-release-macos-arm64 | 1.0.8 | 7.00 | 32.00 | 39.00 | OK | |
| r-release-macos-x86_64 | 1.0.8 | 20.00 | 76.00 | 96.00 | OK | |
| r-release-windows-x86_64 | 1.0.8 | 25.00 | 95.00 | 120.00 | OK | |
| r-oldrel-macos-arm64 | 1.0.8 | 9.00 | 37.00 | 46.00 | OK | |
| r-oldrel-macos-x86_64 | 1.0.8 | 11.00 | 80.00 | 91.00 | OK | |
| r-oldrel-windows-x86_64 | 1.0.8 | 30.00 | 128.00 | 158.00 | OK |
Version: 1.0.8
Check: dependencies in R code
Result: NOTE
Namespace in Imports field not imported from: ‘dplyr’
All declared Imports should be used.
Flavors: r-devel-linux-x86_64-fedora-clang, r-devel-linux-x86_64-fedora-gcc