Last updated on 2024-08-25 05:49:31 CEST.
Flavor | Version | Tinstall | Tcheck | Ttotal | Status | Flags |
---|---|---|---|---|---|---|
r-devel-linux-x86_64-debian-clang | 0.1.0 | 3.63 | 19.17 | 22.80 | NOTE | |
r-devel-linux-x86_64-debian-gcc | 0.1.0 | 2.42 | 15.15 | 17.57 | NOTE | |
r-devel-linux-x86_64-fedora-clang | 0.1.0 | 36.94 | NOTE | |||
r-devel-linux-x86_64-fedora-gcc | 0.1.0 | 36.52 | NOTE | |||
r-devel-windows-x86_64 | 0.1.0 | 4.00 | 36.00 | 40.00 | NOTE | |
r-patched-linux-x86_64 | 0.1.0 | 3.45 | 18.59 | 22.04 | NOTE | |
r-release-linux-x86_64 | 0.1.0 | 3.35 | 18.40 | 21.75 | NOTE | |
r-release-macos-arm64 | 0.1.0 | 18.00 | NOTE | |||
r-release-macos-x86_64 | 0.1.0 | 22.00 | NOTE | |||
r-release-windows-x86_64 | 0.1.0 | 4.00 | 35.00 | 39.00 | NOTE | |
r-oldrel-macos-arm64 | 0.1.0 | 16.00 | NOTE | |||
r-oldrel-macos-x86_64 | 0.1.0 | 22.00 | NOTE | |||
r-oldrel-windows-x86_64 | 0.1.0 | 4.00 | 36.00 | 40.00 | NOTE |
Version: 0.1.0
Check: LazyData
Result: NOTE
'LazyData' is specified without a 'data' directory
Flavors: r-devel-linux-x86_64-debian-clang, r-devel-linux-x86_64-debian-gcc, r-devel-linux-x86_64-fedora-clang, r-devel-linux-x86_64-fedora-gcc, r-devel-windows-x86_64, r-patched-linux-x86_64, r-release-linux-x86_64, r-release-macos-arm64, r-release-macos-x86_64, r-release-windows-x86_64, r-oldrel-macos-arm64, r-oldrel-macos-x86_64, r-oldrel-windows-x86_64