CRAN Package Check Results for Package Rcatch22

Last updated on 2025-11-16 04:48:50 CET.

Flavor Version Tinstall Tcheck Ttotal Status Flags
r-devel-linux-x86_64-debian-clang 0.2.3 18.06 35.06 53.12 OK
r-devel-linux-x86_64-debian-gcc 0.2.3 13.38 28.21 41.59 NOTE
r-devel-linux-x86_64-fedora-clang 0.2.3 37.00 44.43 81.43 NOTE
r-devel-linux-x86_64-fedora-gcc 0.2.3 46.00 49.15 95.15 NOTE
r-devel-windows-x86_64 0.2.3 37.00 79.00 116.00 OK
r-patched-linux-x86_64 0.2.3 18.10 32.54 50.64 OK
r-release-linux-x86_64 0.2.3 17.52 32.33 49.85 OK
r-release-macos-arm64 0.2.3 9.00 30.00 39.00 OK
r-release-macos-x86_64 0.2.3 14.00 51.00 65.00 OK
r-release-windows-x86_64 0.2.3 28.00 86.00 114.00 OK
r-oldrel-macos-arm64 0.2.3 11.00 39.00 50.00 OK
r-oldrel-macos-x86_64 0.2.3 16.00 65.00 81.00 OK
r-oldrel-windows-x86_64 0.2.3 33.00 94.00 127.00 OK

Check Details

Version: 0.2.3
Check: CRAN incoming feasibility
Result: NOTE Maintainer: ‘Trent Henderson <then6675@uni.sydney.edu.au>’ The BugReports field in DESCRIPTION has https://github.com/hendersontrent/Rcatch22/issues/ which should likely be https://github.com/hendersontrent/Rcatch22/issues/issues instead. Flavor: r-devel-linux-x86_64-debian-gcc

Version: 0.2.3
Check: dependencies in R code
Result: NOTE Namespace in Imports field not imported from: ‘stats’ All declared Imports should be used. Flavors: r-devel-linux-x86_64-fedora-clang, r-devel-linux-x86_64-fedora-gcc