Last updated on 2025-02-21 04:52:01 CET.
Flavor | Version | Tinstall | Tcheck | Ttotal | Status | Flags |
---|---|---|---|---|---|---|
r-devel-linux-x86_64-debian-clang | 2.9-5 | 44.45 | 240.97 | 285.42 | OK | |
r-devel-linux-x86_64-debian-gcc | 2.9-5 | 30.49 | 166.96 | 197.45 | OK | |
r-devel-linux-x86_64-fedora-clang | 2.9-5 | 505.21 | OK | |||
r-devel-linux-x86_64-fedora-gcc | 2.9-5 | 482.03 | OK | |||
r-devel-macos-arm64 | 2.9-5 | 266.00 | OK | |||
r-devel-macos-x86_64 | 2.9-5 | 265.00 | OK | |||
r-devel-windows-x86_64 | 2.9-5 | 39.00 | 233.00 | 272.00 | OK | |
r-patched-linux-x86_64 | 2.9-5 | 41.83 | 223.73 | 265.56 | OK | |
r-release-linux-x86_64 | 2.9-5 | 41.44 | 222.97 | 264.41 | OK | |
r-release-macos-arm64 | 2.9-5 | 116.00 | NOTE | |||
r-release-macos-x86_64 | 2.9-5 | 185.00 | NOTE | |||
r-release-windows-x86_64 | 2.9-5 | 39.00 | 254.00 | 293.00 | NOTE | |
r-oldrel-macos-arm64 | 2.9-5 | 116.00 | NOTE | |||
r-oldrel-macos-x86_64 | 2.9-5 | 229.00 | NOTE | |||
r-oldrel-windows-x86_64 | 2.9-5 | 47.00 | 292.00 | 339.00 | NOTE |
Version: 2.9-5
Check: installed package size
Result: NOTE
installed size is 9.6Mb
sub-directories of 1Mb or more:
R 2.0Mb
doc 4.5Mb
po 2.4Mb
Flavors: r-release-macos-arm64, r-release-macos-x86_64, r-release-windows-x86_64, r-oldrel-macos-arm64, r-oldrel-macos-x86_64, r-oldrel-windows-x86_64