Last updated on 2025-02-21 04:52:01 CET.
Flavor | Version | Tinstall | Tcheck | Ttotal | Status | Flags |
---|---|---|---|---|---|---|
r-devel-linux-x86_64-debian-clang | 1.0.2 | 18.45 | 128.19 | 146.64 | NOTE | |
r-devel-linux-x86_64-debian-gcc | 1.0.2 | 14.79 | 93.01 | 107.80 | NOTE | |
r-devel-linux-x86_64-fedora-clang | 1.0.2 | 254.43 | OK | |||
r-devel-linux-x86_64-fedora-gcc | 1.0.2 | 236.58 | OK | |||
r-devel-macos-arm64 | 1.0.2 | 85.00 | OK | |||
r-devel-macos-x86_64 | 1.0.2 | 139.00 | OK | |||
r-devel-windows-x86_64 | 1.0.2 | 25.00 | 199.00 | 224.00 | NOTE | |
r-patched-linux-x86_64 | 1.0.2 | 23.80 | 120.16 | 143.96 | NOTE | |
r-release-linux-x86_64 | 1.0.2 | 16.29 | 118.49 | 134.78 | NOTE | |
r-release-macos-arm64 | 1.0.2 | 83.00 | NOTE | |||
r-release-macos-x86_64 | 1.0.2 | 105.00 | NOTE | |||
r-release-windows-x86_64 | 1.0.2 | 20.00 | 178.00 | 198.00 | NOTE | |
r-oldrel-macos-arm64 | 1.0.2 | 68.00 | NOTE | |||
r-oldrel-macos-x86_64 | 1.0.2 | 111.00 | NOTE | |||
r-oldrel-windows-x86_64 | 1.0.2 | 23.00 | 149.00 | 172.00 | NOTE |
Version: 1.0.2
Check: Rd cross-references
Result: NOTE
Found the following Rd file(s) with Rd \link{} targets missing package
anchors:
RcmdrPlugin.GWRM.Rd: GWRM, Rcmdr
generalizedWaringModel.Rd: linearModel
Please provide package anchors for all Rd \link{} targets not in the
package itself and the base packages.
Flavors: r-devel-linux-x86_64-debian-clang, r-devel-linux-x86_64-debian-gcc, r-devel-windows-x86_64
Version: 1.0.2
Check: LazyData
Result: NOTE
'LazyData' is specified without a 'data' directory
Flavors: r-patched-linux-x86_64, r-release-linux-x86_64, r-release-macos-arm64, r-release-macos-x86_64, r-release-windows-x86_64, r-oldrel-macos-arm64, r-oldrel-macos-x86_64, r-oldrel-windows-x86_64