Last updated on 2025-02-21 04:52:01 CET.
Flavor | Version | Tinstall | Tcheck | Ttotal | Status | Flags |
---|---|---|---|---|---|---|
r-devel-linux-x86_64-debian-clang | 0.2.0 | 20.14 | 134.99 | 155.13 | NOTE | |
r-devel-linux-x86_64-debian-gcc | 0.2.0 | 15.78 | 99.29 | 115.07 | NOTE | |
r-devel-linux-x86_64-fedora-clang | 0.2.0 | 268.38 | OK | |||
r-devel-linux-x86_64-fedora-gcc | 0.2.0 | 246.08 | OK | |||
r-devel-macos-arm64 | 0.2.0 | 86.00 | OK | |||
r-devel-macos-x86_64 | 0.2.0 | 149.00 | OK | |||
r-devel-windows-x86_64 | 0.2.0 | 27.00 | 192.00 | 219.00 | NOTE | |
r-patched-linux-x86_64 | 0.2.0 | 26.59 | 123.05 | 149.64 | OK | |
r-release-linux-x86_64 | 0.2.0 | 16.48 | 121.86 | 138.34 | OK | |
r-release-macos-arm64 | 0.2.0 | 80.00 | OK | |||
r-release-macos-x86_64 | 0.2.0 | 109.00 | OK | |||
r-release-windows-x86_64 | 0.2.0 | 24.00 | 176.00 | 200.00 | OK | |
r-oldrel-macos-arm64 | 0.2.0 | 68.00 | OK | |||
r-oldrel-macos-x86_64 | 0.2.0 | 114.00 | OK | |||
r-oldrel-windows-x86_64 | 0.2.0 | 23.00 | 146.00 | 169.00 | OK |
Version: 0.2.0
Check: Rd cross-references
Result: NOTE
Found the following Rd file(s) with Rd \link{} targets missing package
anchors:
RcmdrPlugin.cpd.Rd: cpd, Rcmdr
Please provide package anchors for all Rd \link{} targets not in the
package itself and the base packages.
Flavors: r-devel-linux-x86_64-debian-clang, r-devel-linux-x86_64-debian-gcc, r-devel-windows-x86_64