Last updated on 2025-11-16 04:48:50 CET.
| Flavor | Version | Tinstall | Tcheck | Ttotal | Status | Flags |
|---|---|---|---|---|---|---|
| r-devel-linux-x86_64-debian-clang | 0.3.4.0.2 | 54.96 | 44.45 | 99.41 | OK | |
| r-devel-linux-x86_64-debian-gcc | 0.3.4.0.2 | 44.46 | 38.73 | 83.19 | OK | |
| r-devel-linux-x86_64-fedora-clang | 0.3.4.0.2 | 103.00 | 48.08 | 151.08 | OK | |
| r-devel-linux-x86_64-fedora-gcc | 0.3.4.0.2 | 117.00 | 68.22 | 185.22 | OK | |
| r-devel-windows-x86_64 | 0.3.4.0.2 | 130.00 | 198.00 | 328.00 | OK | |
| r-patched-linux-x86_64 | 0.3.4.0.2 | 63.93 | 46.92 | 110.85 | OK | |
| r-release-linux-x86_64 | 0.3.4.0.2 | 61.84 | 47.33 | 109.17 | OK | |
| r-release-macos-arm64 | 0.3.4.0.2 | 22.00 | 70.00 | 92.00 | OK | |
| r-release-macos-x86_64 | 0.3.4.0.2 | 57.00 | 158.00 | 215.00 | OK | |
| r-release-windows-x86_64 | 0.3.4.0.2 | 87.00 | 201.00 | 288.00 | OK | |
| r-oldrel-macos-arm64 | 0.3.4.0.2 | 16.00 | 64.00 | 80.00 | NOTE | |
| r-oldrel-macos-x86_64 | 0.3.4.0.2 | 103.00 | 296.00 | 399.00 | NOTE | |
| r-oldrel-windows-x86_64 | 0.3.4.0.2 | 85.00 | 225.00 | 310.00 | NOTE |
Version: 0.3.4.0.2
Check: installed package size
Result: NOTE
installed size is 34.0Mb
sub-directories of 1Mb or more:
include 9.5Mb
libs 24.1Mb
Flavors: r-oldrel-macos-arm64, r-oldrel-macos-x86_64, r-oldrel-windows-x86_64