Last updated on 2025-02-21 04:52:01 CET.
Flavor | Version | Tinstall | Tcheck | Ttotal | Status | Flags |
---|---|---|---|---|---|---|
r-devel-linux-x86_64-debian-clang | 0.3.4.0.2 | 53.60 | 38.32 | 91.92 | OK | |
r-devel-linux-x86_64-debian-gcc | 0.3.4.0.2 | 44.91 | 34.00 | 78.91 | OK | |
r-devel-linux-x86_64-fedora-clang | 0.3.4.0.2 | 160.45 | OK | |||
r-devel-linux-x86_64-fedora-gcc | 0.3.4.0.2 | 195.53 | OK | |||
r-devel-macos-arm64 | 0.3.4.0.2 | 86.00 | OK | |||
r-devel-macos-x86_64 | 0.3.4.0.2 | 221.00 | OK | |||
r-devel-windows-x86_64 | 0.3.4.0.2 | 72.00 | 241.00 | 313.00 | OK | |
r-patched-linux-x86_64 | 0.3.4.0.2 | 62.30 | 41.78 | 104.08 | OK | |
r-release-linux-x86_64 | 0.3.4.0.2 | 60.57 | 41.69 | 102.26 | OK | |
r-release-macos-arm64 | 0.3.4.0.2 | 80.00 | NOTE | |||
r-release-macos-x86_64 | 0.3.4.0.2 | 399.00 | NOTE | |||
r-release-windows-x86_64 | 0.3.4.0.2 | 72.00 | 216.00 | 288.00 | NOTE | |
r-oldrel-macos-arm64 | 0.3.4.0.2 | 120.00 | NOTE | |||
r-oldrel-macos-x86_64 | 0.3.4.0.2 | 325.00 | NOTE | |||
r-oldrel-windows-x86_64 | 0.3.4.0.2 | 79.00 | 212.00 | 291.00 | NOTE |
Version: 0.3.4.0.2
Check: installed package size
Result: NOTE
installed size is 34.0Mb
sub-directories of 1Mb or more:
include 9.5Mb
libs 24.1Mb
Flavors: r-release-macos-arm64, r-release-macos-x86_64, r-release-windows-x86_64, r-oldrel-macos-arm64, r-oldrel-macos-x86_64, r-oldrel-windows-x86_64