Last updated on 2025-02-22 04:51:25 CET.
Flavor | Version | Tinstall | Tcheck | Ttotal | Status | Flags |
---|---|---|---|---|---|---|
r-devel-linux-x86_64-debian-clang | 0.2.4 | 18.82 | 46.28 | 65.10 | NOTE | |
r-devel-linux-x86_64-debian-gcc | 0.2.4 | 14.18 | 34.08 | 48.26 | NOTE | |
r-devel-linux-x86_64-fedora-clang | 0.2.4 | 126.16 | NOTE | |||
r-devel-linux-x86_64-fedora-gcc | 0.2.4 | 136.64 | NOTE | |||
r-devel-macos-arm64 | 0.2.4 | 47.00 | OK | |||
r-devel-macos-x86_64 | 0.2.4 | 118.00 | OK | |||
r-devel-windows-x86_64 | 0.2.4 | 16.00 | 135.00 | 151.00 | OK | |
r-patched-linux-x86_64 | 0.2.4 | 19.11 | 41.96 | 61.07 | OK | |
r-release-linux-x86_64 | 0.2.4 | 19.19 | 41.80 | 60.99 | OK | |
r-release-macos-arm64 | 0.2.4 | 48.00 | OK | |||
r-release-macos-x86_64 | 0.2.4 | 114.00 | OK | |||
r-release-windows-x86_64 | 0.2.4 | 15.00 | 127.00 | 142.00 | OK | |
r-oldrel-macos-arm64 | 0.2.4 | 57.00 | OK | |||
r-oldrel-macos-x86_64 | 0.2.4 | 124.00 | OK | |||
r-oldrel-windows-x86_64 | 0.2.4 | 16.00 | 109.00 | 125.00 | OK |
Version: 0.2.4
Check: top-level files
Result: NOTE
possible bashism in configure.ac line 49 (should be 'b = a'):
if test x"${PKGCONFIG}" == x"yes"; then
possible bashism in configure.ac line 95 (should be 'b = a'):
if test x"$?" == x"1"; then
Flavors: r-devel-linux-x86_64-debian-clang, r-devel-linux-x86_64-debian-gcc, r-devel-linux-x86_64-fedora-clang, r-devel-linux-x86_64-fedora-gcc
Version: 0.2.4
Check: for unstated dependencies in ‘demo’
Result: NOTE
'library' or 'require' calls not declared from:
‘quantmod’ ‘rbenchmark’ ‘xts’
Flavors: r-devel-linux-x86_64-debian-clang, r-devel-linux-x86_64-debian-gcc