Last updated on 2024-08-25 05:49:31 CEST.
Flavor | Version | Tinstall | Tcheck | Ttotal | Status | Flags |
---|---|---|---|---|---|---|
r-devel-linux-x86_64-debian-clang | 2.6.1 | 4.65 | 65.57 | 70.22 | OK | |
r-devel-linux-x86_64-debian-gcc | 2.6.1 | 3.97 | 45.66 | 49.63 | OK | |
r-devel-linux-x86_64-fedora-clang | 2.6.1 | 114.67 | OK | |||
r-devel-linux-x86_64-fedora-gcc | 2.6.1 | 127.02 | OK | |||
r-devel-windows-x86_64 | 2.6.1 | 8.00 | 115.00 | 123.00 | NOTE | |
r-patched-linux-x86_64 | 2.6.1 | 7.24 | 61.48 | 68.72 | OK | |
r-release-linux-x86_64 | 2.6.1 | 5.73 | 61.33 | 67.06 | OK | |
r-release-macos-arm64 | 2.6.1 | 44.00 | OK | |||
r-release-macos-x86_64 | 2.6.1 | 118.00 | OK | |||
r-release-windows-x86_64 | 2.6.1 | 8.00 | 121.00 | 129.00 | NOTE | |
r-oldrel-macos-arm64 | 2.6.1 | 48.00 | OK | |||
r-oldrel-macos-x86_64 | 2.6.1 | 81.00 | OK | |||
r-oldrel-windows-x86_64 | 2.6.1 | 9.00 | 120.00 | 129.00 | OK |
Version: 2.6.1
Check: package subdirectories
Result: NOTE
Found the following CITATION file in a non-standard place:
Rdpack/inst/CITATION
Most likely 'inst/CITATION' should be used instead.
Flavors: r-devel-windows-x86_64, r-release-windows-x86_64