CRAN Package Check Results for Package Recon

Last updated on 2025-02-21 04:52:01 CET.

Flavor Version Tinstall Tcheck Ttotal Status Flags
r-devel-linux-x86_64-debian-clang 0.3.0.0 1.90 19.02 20.92 OK
r-devel-linux-x86_64-debian-gcc 0.3.0.0 1.38 15.64 17.02 OK
r-devel-linux-x86_64-fedora-clang 0.3.0.0 34.69 OK
r-devel-linux-x86_64-fedora-gcc 0.3.0.0 32.25 OK
r-devel-macos-arm64 0.3.0.0 15.00 OK
r-devel-macos-x86_64 0.3.0.0 22.00 OK
r-devel-windows-x86_64 0.3.0.0 4.00 43.00 47.00 OK
r-patched-linux-x86_64 0.3.0.0 1.93 18.24 20.17 NOTE
r-release-linux-x86_64 0.3.0.0 1.66 18.13 19.79 NOTE
r-release-macos-arm64 0.3.0.0 15.00 NOTE
r-release-macos-x86_64 0.3.0.0 21.00 NOTE
r-release-windows-x86_64 0.3.0.0 3.00 46.00 49.00 NOTE
r-oldrel-macos-arm64 0.3.0.0 16.00 NOTE
r-oldrel-macos-x86_64 0.3.0.0 20.00 NOTE
r-oldrel-windows-x86_64 0.3.0.0 4.00 41.00 45.00 NOTE

Check Details

Version: 0.3.0.0
Check: LazyData
Result: NOTE 'LazyData' is specified without a 'data' directory Flavors: r-patched-linux-x86_64, r-release-linux-x86_64, r-release-macos-arm64, r-release-macos-x86_64, r-release-windows-x86_64, r-oldrel-macos-arm64, r-oldrel-macos-x86_64, r-oldrel-windows-x86_64